{"id":8309,"date":"2020-12-08T12:25:17","date_gmt":"2020-12-08T11:25:17","guid":{"rendered":"https:\/\/diocese-lgf.emblematik.dev\/?page_id=8309"},"modified":"2020-12-08T12:31:34","modified_gmt":"2020-12-08T11:31:34","slug":"theologische-fakultaet","status":"publish","type":"page","link":"https:\/\/diocese-lgf.ch\/de\/kirchenleben\/theologische-fakultaet\/","title":{"rendered":"Theologische Fakult\u00e4t"},"content":{"rendered":"<div class=\"pf-content\">\t\t<div data-elementor-type=\"wp-post\" data-elementor-id=\"8309\" class=\"elementor elementor-8309 elementor-8308\" data-elementor-post-type=\"page\">\n\t\t\t\t\t\t<section class=\"elementor-section elementor-top-section elementor-element elementor-element-50ddabc elementor-section-boxed elementor-section-height-default elementor-section-height-default\" data-id=\"50ddabc\" data-element_type=\"section\" data-e-type=\"section\">\n\t\t\t\t\t\t<div class=\"elementor-container elementor-column-gap-default\">\n\t\t\t\t\t<div class=\"elementor-column elementor-col-100 elementor-top-column elementor-element elementor-element-0e9c8e4\" data-id=\"0e9c8e4\" data-element_type=\"column\" data-e-type=\"column\">\n\t\t\t<div class=\"elementor-widget-wrap elementor-element-populated\">\n\t\t\t\t\t\t<div class=\"elementor-element elementor-element-d517568 elementor-widget elementor-widget-text-editor\" data-id=\"d517568\" data-element_type=\"widget\" data-e-type=\"widget\" data-widget_type=\"text-editor.default\">\n\t\t\t\t<div class=\"elementor-widget-container\">\n\t\t\t\t\t\t\t\t\t<p>Die Theologische Fakult\u00e4t der Universit\u00e4t Freiburg ist in eine staatliche Universit\u00e4t integriert. Sie unterliegt staatlichem Recht wie die \u00fcbrigen Fakult\u00e4ten der Universit\u00e4t, besitzt aber zugleich die Anerkennung kirchlicher Autorit\u00e4ten und wird vom Dominikanerorden und der Schweizer Bischofskonferenz mitgetragen; Grosskanzler der Fakult\u00e4t ist der Magister des Dominikanerordens, der heute etwa ein Drittel der Professorenschaft stellt.<\/p>\n\t\t\t\t\t\t\t\t<\/div>\n\t\t\t\t<\/div>\n\t\t\t\t\t<\/div>\n\t\t<\/div>\n\t\t\t\t\t<\/div>\n\t\t<\/section>\n\t\t\t\t<section class=\"elementor-section elementor-top-section elementor-element elementor-element-2b4bb97 elementor-section-boxed elementor-section-height-default elementor-section-height-default\" data-id=\"2b4bb97\" data-element_type=\"section\" data-e-type=\"section\">\n\t\t\t\t\t\t<div class=\"elementor-container elementor-column-gap-default\">\n\t\t\t\t\t<div class=\"elementor-column elementor-col-100 elementor-top-column elementor-element elementor-element-0b80d66\" data-id=\"0b80d66\" data-element_type=\"column\" data-e-type=\"column\">\n\t\t\t<div class=\"elementor-widget-wrap elementor-element-populated\">\n\t\t\t\t\t\t<div class=\"elementor-element elementor-element-21dea09 elementor-widget elementor-widget-heading\" data-id=\"21dea09\" data-element_type=\"widget\" data-e-type=\"widget\" data-widget_type=\"heading.default\">\n\t\t\t\t<div class=\"elementor-widget-container\">\n\t\t\t\t\t<h2 class=\"elementor-heading-title elementor-size-small\">Link<\/h2>\t\t\t\t<\/div>\n\t\t\t\t<\/div>\n\t\t\t\t<div class=\"elementor-element elementor-element-e1938c3 elementor-icon-list--layout-traditional elementor-list-item-link-full_width elementor-widget elementor-widget-icon-list\" data-id=\"e1938c3\" data-element_type=\"widget\" data-e-type=\"widget\" data-widget_type=\"icon-list.default\">\n\t\t\t\t<div class=\"elementor-widget-container\">\n\t\t\t\t\t\t\t<ul class=\"elementor-icon-list-items\">\n\t\t\t\t\t\t\t<li class=\"elementor-icon-list-item\">\n\t\t\t\t\t\t\t\t\t\t\t<a href=\"https:\/\/www3.unifr.ch\/theo\/de\/fak\/\">\n\n\t\t\t\t\t\t\t\t\t\t\t\t<span class=\"elementor-icon-list-icon\">\n\t\t\t\t\t\t\t<i aria-hidden=\"true\" class=\"fas fa-arrow-circle-right\"><\/i>\t\t\t\t\t\t<\/span>\n\t\t\t\t\t\t\t\t\t\t<span class=\"elementor-icon-list-text\">Theologische Fakult\u00e4t der Universit\u00e4t Freiburg<\/span>\n\t\t\t\t\t\t\t\t\t\t\t<\/a>\n\t\t\t\t\t\t\t\t\t<\/li>\n\t\t\t\t\t\t<\/ul>\n\t\t\t\t\t\t<\/div>\n\t\t\t\t<\/div>\n\t\t\t\t\t<\/div>\n\t\t<\/div>\n\t\t\t\t\t<\/div>\n\t\t<\/section>\n\t\t\t\t<\/div>\n\t\t<\/div>","protected":false},"excerpt":{"rendered":"<p>Die Theologische Fakult\u00e4t der Universit\u00e4t Freiburg ist in eine staatliche Universit\u00e4t integriert. Sie unterliegt staatlichem Recht wie die \u00fcbrigen Fakult\u00e4ten der Universit\u00e4t, besitzt aber zugleich die Anerkennung kirchlicher Autorit\u00e4ten und [&hellip;]<\/p>\n","protected":false},"author":4,"featured_media":0,"parent":6327,"menu_order":6,"comment_status":"closed","ping_status":"closed","template":"","meta":{"_acf_changed":false,"footnotes":""},"categories":[70],"tags":[],"class_list":["post-8309","page","type-page","status-publish","hentry","category-vie-eglise-de"],"acf":[],"_links":{"self":[{"href":"https:\/\/diocese-lgf.ch\/de\/wp-json\/wp\/v2\/pages\/8309","targetHints":{"allow":["GET"]}}],"collection":[{"href":"https:\/\/diocese-lgf.ch\/de\/wp-json\/wp\/v2\/pages"}],"about":[{"href":"https:\/\/diocese-lgf.ch\/de\/wp-json\/wp\/v2\/types\/page"}],"author":[{"embeddable":true,"href":"https:\/\/diocese-lgf.ch\/de\/wp-json\/wp\/v2\/users\/4"}],"replies":[{"embeddable":true,"href":"https:\/\/diocese-lgf.ch\/de\/wp-json\/wp\/v2\/comments?post=8309"}],"version-history":[{"count":3,"href":"https:\/\/diocese-lgf.ch\/de\/wp-json\/wp\/v2\/pages\/8309\/revisions"}],"predecessor-version":[{"id":8317,"href":"https:\/\/diocese-lgf.ch\/de\/wp-json\/wp\/v2\/pages\/8309\/revisions\/8317"}],"up":[{"embeddable":true,"href":"https:\/\/diocese-lgf.ch\/de\/wp-json\/wp\/v2\/pages\/6327"}],"wp:attachment":[{"href":"https:\/\/diocese-lgf.ch\/de\/wp-json\/wp\/v2\/media?parent=8309"}],"wp:term":[{"taxonomy":"category","embeddable":true,"href":"https:\/\/diocese-lgf.ch\/de\/wp-json\/wp\/v2\/categories?post=8309"},{"taxonomy":"post_tag","embeddable":true,"href":"https:\/\/diocese-lgf.ch\/de\/wp-json\/wp\/v2\/tags?post=8309"}],"curies":[{"name":"wp","href":"https:\/\/api.w.org\/{rel}","templated":true}]}}

Theologische Fakultät

<div class="pf-content">		<div data-elementor-type="wp-post" data-elementor-id="8309" class="elementor elementor-8309 elementor-8308" data-elementor-post-type="page">
						<section class="elementor-section elementor-top-section elementor-element elementor-element-50ddabc elementor-section-boxed elementor-section-height-default elementor-section-height-default" data-id="50ddabc" data-element_type="section" data-e-type="section">
						<div class="elementor-container elementor-column-gap-default">
					<div class="elementor-column elementor-col-100 elementor-top-column elementor-element elementor-element-0e9c8e4" data-id="0e9c8e4" data-element_type="column" data-e-type="column">
			<div class="elementor-widget-wrap elementor-element-populated">
						<div class="elementor-element elementor-element-d517568 elementor-widget elementor-widget-text-editor" data-id="d517568" data-element_type="widget" data-e-type="widget" data-widget_type="text-editor.default">
				<div class="elementor-widget-container">
									<p>Die Theologische Fakultät der Universität Freiburg ist in eine staatliche Universität integriert. Sie unterliegt staatlichem Recht wie die übrigen Fakultäten der Universität, besitzt aber zugleich die Anerkennung kirchlicher Autoritäten und wird vom Dominikanerorden und der Schweizer Bischofskonferenz mitgetragen; Grosskanzler der Fakultät ist der Magister des Dominikanerordens, der heute etwa ein Drittel der Professorenschaft stellt.</p>
								</div>
				</div>
					</div>
		</div>
					</div>
		</section>
				<section class="elementor-section elementor-top-section elementor-element elementor-element-2b4bb97 elementor-section-boxed elementor-section-height-default elementor-section-height-default" data-id="2b4bb97" data-element_type="section" data-e-type="section">
						<div class="elementor-container elementor-column-gap-default">
					<div class="elementor-column elementor-col-100 elementor-top-column elementor-element elementor-element-0b80d66" data-id="0b80d66" data-element_type="column" data-e-type="column">
			<div class="elementor-widget-wrap elementor-element-populated">
						<div class="elementor-element elementor-element-21dea09 elementor-widget elementor-widget-heading" data-id="21dea09" data-element_type="widget" data-e-type="widget" data-widget_type="heading.default">
				<div class="elementor-widget-container">
					<h2 class="elementor-heading-title elementor-size-small">Link</h2>				</div>
				</div>
				<div class="elementor-element elementor-element-e1938c3 elementor-icon-list--layout-traditional elementor-list-item-link-full_width elementor-widget elementor-widget-icon-list" data-id="e1938c3" data-element_type="widget" data-e-type="widget" data-widget_type="icon-list.default">
				<div class="elementor-widget-container">
							<ul class="elementor-icon-list-items">
							<li class="elementor-icon-list-item">
											<a href="https://www3.unifr.ch/theo/de/fak/">

												<span class="elementor-icon-list-icon">
							<i aria-hidden="true" class="fas fa-arrow-circle-right"></i>						</span>
										<span class="elementor-icon-list-text">Theologische Fakultät der Universität Freiburg</span>
											</a>
									</li>
						</ul>
						</div>
				</div>
					</div>
		</div>
					</div>
		</section>
				</div>
		</div>

<p>Die Theologische Fakultät der Universität Freiburg ist in eine staatliche Universität integriert. Sie unterliegt staatlichem Recht wie die übrigen Fakultäten der Universität, besitzt aber zugleich die Anerkennung kirchlicher Autoritäten und [&hellip;]</p>
