{"id":6926,"date":"2020-10-13T15:24:51","date_gmt":"2020-10-13T13:24:51","guid":{"rendered":"https:\/\/diocese-lgf.emblematik.dev\/kommission-des-standigen-diakonats\/"},"modified":"2021-03-11T12:17:10","modified_gmt":"2021-03-11T11:17:10","slug":"kommission-des-standigen-diakonats","status":"publish","type":"page","link":"https:\/\/diocese-lgf.ch\/de\/kommission-des-standigen-diakonats\/","title":{"rendered":"Kommission des St\u00e4ndigen Diakonats"},"content":{"rendered":"<div class=\"pf-content\">\t\t<div data-elementor-type=\"wp-post\" data-elementor-id=\"6926\" class=\"elementor elementor-6926 elementor-1130\" data-elementor-post-type=\"page\">\n\t\t\t\t\t\t<section class=\"elementor-section elementor-top-section elementor-element elementor-element-611ebea7 elementor-section-boxed elementor-section-height-default elementor-section-height-default\" data-id=\"611ebea7\" data-element_type=\"section\" data-e-type=\"section\">\n\t\t\t\t\t\t<div class=\"elementor-container elementor-column-gap-default\">\n\t\t\t\t\t<div class=\"elementor-column elementor-col-100 elementor-top-column elementor-element elementor-element-2ec59265\" data-id=\"2ec59265\" data-element_type=\"column\" data-e-type=\"column\">\n\t\t\t<div class=\"elementor-widget-wrap elementor-element-populated\">\n\t\t\t\t\t\t<div class=\"elementor-element elementor-element-46a4055 elementor-widget elementor-widget-text-editor\" data-id=\"46a4055\" data-element_type=\"widget\" data-e-type=\"widget\" data-widget_type=\"text-editor.default\">\n\t\t\t\t<div class=\"elementor-widget-container\">\n\t\t\t\t\t\t\t\t\t<p>Das st\u00e4ndige Diakonat in der Di\u00f6zese von Lausanne, Genf und Freiburg ist einer Kommission unterstellt, deren Pr\u00e4sident Abb\u00e9 Nicolas Glasson ist. Er ist auch Direktor des Priesterseminars.<\/p>\n\t\t\t\t\t\t\t\t<\/div>\n\t\t\t\t<\/div>\n\t\t\t\t\t<\/div>\n\t\t<\/div>\n\t\t\t\t\t<\/div>\n\t\t<\/section>\n\t\t\t\t<section class=\"elementor-section elementor-top-section elementor-element elementor-element-5ea8715 bloc-titre elementor-section-boxed elementor-section-height-default elementor-section-height-default\" data-id=\"5ea8715\" data-element_type=\"section\" data-e-type=\"section\">\n\t\t\t\t\t\t<div class=\"elementor-container elementor-column-gap-default\">\n\t\t\t\t\t<div class=\"elementor-column elementor-col-100 elementor-top-column elementor-element elementor-element-8feb270\" data-id=\"8feb270\" data-element_type=\"column\" data-e-type=\"column\">\n\t\t\t<div class=\"elementor-widget-wrap elementor-element-populated\">\n\t\t\t\t\t\t<div class=\"elementor-element elementor-element-6479a8b elementor-widget elementor-widget-heading\" data-id=\"6479a8b\" data-element_type=\"widget\" data-e-type=\"widget\" data-widget_type=\"heading.default\">\n\t\t\t\t<div class=\"elementor-widget-container\">\n\t\t\t\t\t<h2 class=\"elementor-heading-title elementor-size-default\">Mitgliederliste<\/h2>\t\t\t\t<\/div>\n\t\t\t\t<\/div>\n\t\t\t\t\t<\/div>\n\t\t<\/div>\n\t\t\t\t\t<\/div>\n\t\t<\/section>\n\t\t\t\t<section class=\"elementor-section elementor-top-section elementor-element elementor-element-e88967e elementor-section-boxed elementor-section-height-default elementor-section-height-default\" data-id=\"e88967e\" data-element_type=\"section\" data-e-type=\"section\">\n\t\t\t\t\t\t<div class=\"elementor-container elementor-column-gap-default\">\n\t\t\t\t\t<div class=\"elementor-column elementor-col-100 elementor-top-column elementor-element elementor-element-3b1b6c34\" data-id=\"3b1b6c34\" data-element_type=\"column\" data-e-type=\"column\">\n\t\t\t<div class=\"elementor-widget-wrap elementor-element-populated\">\n\t\t\t\t\t\t<div class=\"elementor-element elementor-element-425ba59d elementor-widget elementor-widget-text-editor\" data-id=\"425ba59d\" data-element_type=\"widget\" data-e-type=\"widget\" data-widget_type=\"text-editor.default\">\n\t\t\t\t<div class=\"elementor-widget-container\">\n\t\t\t\t\t\t\t\t\t<ul><li>Abb\u00e9 Nicolas GLASSON (responsable dioc\u00e9sain, pr\u00e9sident de la commission)<\/li><li>M. Nicolas Carron (diacre, responsable de la formation)<\/li><li>Mme Claudine Cerchia (\u00e9pouse de diacre)<\/li><li>Sr Daniela Ardizzoni (religieuse, VD)<\/li><li>M. Jacques Noun Sanou (diacre, GE)<\/li><li>M. Robert Nzobihindemyi (diacre, FR)<\/li><li>M. St\u00e9phane Rempe (diacre)<\/li><li>M. Romuald Babey (diacre, NE)<\/li><li>M. Philippe Do (diacre, responsable de la fraternit\u00e9 diaconale)<\/li><\/ul>\t\t\t\t\t\t\t\t<\/div>\n\t\t\t\t<\/div>\n\t\t\t\t\t<\/div>\n\t\t<\/div>\n\t\t\t\t\t<\/div>\n\t\t<\/section>\n\t\t\t\t<section class=\"elementor-section elementor-top-section elementor-element elementor-element-14a167bc elementor-section-boxed elementor-section-height-default elementor-section-height-default\" data-id=\"14a167bc\" data-element_type=\"section\" data-e-type=\"section\">\n\t\t\t\t\t\t<div class=\"elementor-container elementor-column-gap-default\">\n\t\t\t\t\t<div class=\"elementor-column elementor-col-100 elementor-top-column elementor-element elementor-element-3c87a059\" data-id=\"3c87a059\" data-element_type=\"column\" data-e-type=\"column\">\n\t\t\t<div class=\"elementor-widget-wrap elementor-element-populated\">\n\t\t\t\t\t\t<div class=\"elementor-element elementor-element-23526c1 elementor-widget elementor-widget-heading\" data-id=\"23526c1\" data-element_type=\"widget\" data-e-type=\"widget\" data-widget_type=\"heading.default\">\n\t\t\t\t<div class=\"elementor-widget-container\">\n\t\t\t\t\t<h2 class=\"elementor-heading-title elementor-size-default\">Links<\/h2>\t\t\t\t<\/div>\n\t\t\t\t<\/div>\n\t\t\t\t<div class=\"elementor-element elementor-element-69682a27 elementor-icon-list--layout-traditional elementor-list-item-link-full_width elementor-widget elementor-widget-icon-list\" data-id=\"69682a27\" data-element_type=\"widget\" data-e-type=\"widget\" data-widget_type=\"icon-list.default\">\n\t\t\t\t<div class=\"elementor-widget-container\">\n\t\t\t\t\t\t\t<ul class=\"elementor-icon-list-items\">\n\t\t\t\t\t\t\t<li class=\"elementor-icon-list-item\">\n\t\t\t\t\t\t\t\t\t\t\t<a href=\"http:\/\/www.vatican.va\/roman_curia\/congregations\/ccatheduc\/documents\/rc_con_ccatheduc_doc_31031998_directorium-diaconi_ge.html\" target=\"_blank\">\n\n\t\t\t\t\t\t\t\t\t\t\t\t<span class=\"elementor-icon-list-icon\">\n\t\t\t\t\t\t\t<i aria-hidden=\"true\" class=\"fas fa-arrow-circle-right\"><\/i>\t\t\t\t\t\t<\/span>\n\t\t\t\t\t\t\t\t\t\t<span class=\"elementor-icon-list-text\">Grundnormen f\u00fcr die Ausbildung der st\u00e4ndigen Diakonen<\/span>\n\t\t\t\t\t\t\t\t\t\t\t<\/a>\n\t\t\t\t\t\t\t\t\t<\/li>\n\t\t\t\t\t\t\t\t<li class=\"elementor-icon-list-item\">\n\t\t\t\t\t\t\t\t\t\t\t<a href=\"http:\/\/www.vatican.va\/roman_curia\/congregations\/cfaith\/cti_documents\/rc_con_cfaith_pro_05072004_diaconate_ge.html\" target=\"_blank\">\n\n\t\t\t\t\t\t\t\t\t\t\t\t<span class=\"elementor-icon-list-icon\">\n\t\t\t\t\t\t\t<i aria-hidden=\"true\" class=\"fas fa-arrow-circle-right\"><\/i>\t\t\t\t\t\t<\/span>\n\t\t\t\t\t\t\t\t\t\t<span class=\"elementor-icon-list-text\">Dokument der Internationalen Theologischen Kommission \u00fcber das Diakonat<\/span>\n\t\t\t\t\t\t\t\t\t\t\t<\/a>\n\t\t\t\t\t\t\t\t\t<\/li>\n\t\t\t\t\t\t\t\t<li class=\"elementor-icon-list-item\">\n\t\t\t\t\t\t\t\t\t\t\t<a href=\"https:\/\/www.diakone.de\/\">\n\n\t\t\t\t\t\t\t\t\t\t\t\t<span class=\"elementor-icon-list-icon\">\n\t\t\t\t\t\t\t<i aria-hidden=\"true\" class=\"fas fa-arrow-circle-right\"><\/i>\t\t\t\t\t\t<\/span>\n\t\t\t\t\t\t\t\t\t\t<span class=\"elementor-icon-list-text\">AG St\u00e4ndiger Diakonat in Deutschland<\/span>\n\t\t\t\t\t\t\t\t\t\t\t<\/a>\n\t\t\t\t\t\t\t\t\t<\/li>\n\t\t\t\t\t\t<\/ul>\n\t\t\t\t\t\t<\/div>\n\t\t\t\t<\/div>\n\t\t\t\t\t<\/div>\n\t\t<\/div>\n\t\t\t\t\t<\/div>\n\t\t<\/section>\n\t\t\t\t<\/div>\n\t\t<\/div>","protected":false},"excerpt":{"rendered":"<p>Das st\u00e4ndige Diakonat in der Di\u00f6zese von Lausanne, Genf und Freiburg ist einer Kommission unterstellt, deren Pr\u00e4sident Abb\u00e9 Nicolas Glasson ist. Er ist auch Direktor des Priesterseminars. Mitgliederliste Abb\u00e9 Nicolas [&hellip;]<\/p>\n","protected":false},"author":5,"featured_media":0,"parent":0,"menu_order":6,"comment_status":"closed","ping_status":"closed","template":"","meta":{"_acf_changed":false,"footnotes":""},"categories":[],"tags":[],"class_list":["post-6926","page","type-page","status-publish","hentry"],"acf":[],"_links":{"self":[{"href":"https:\/\/diocese-lgf.ch\/de\/wp-json\/wp\/v2\/pages\/6926","targetHints":{"allow":["GET"]}}],"collection":[{"href":"https:\/\/diocese-lgf.ch\/de\/wp-json\/wp\/v2\/pages"}],"about":[{"href":"https:\/\/diocese-lgf.ch\/de\/wp-json\/wp\/v2\/types\/page"}],"author":[{"embeddable":true,"href":"https:\/\/diocese-lgf.ch\/de\/wp-json\/wp\/v2\/users\/5"}],"replies":[{"embeddable":true,"href":"https:\/\/diocese-lgf.ch\/de\/wp-json\/wp\/v2\/comments?post=6926"}],"version-history":[{"count":20,"href":"https:\/\/diocese-lgf.ch\/de\/wp-json\/wp\/v2\/pages\/6926\/revisions"}],"predecessor-version":[{"id":11484,"href":"https:\/\/diocese-lgf.ch\/de\/wp-json\/wp\/v2\/pages\/6926\/revisions\/11484"}],"wp:attachment":[{"href":"https:\/\/diocese-lgf.ch\/de\/wp-json\/wp\/v2\/media?parent=6926"}],"wp:term":[{"taxonomy":"category","embeddable":true,"href":"https:\/\/diocese-lgf.ch\/de\/wp-json\/wp\/v2\/categories?post=6926"},{"taxonomy":"post_tag","embeddable":true,"href":"https:\/\/diocese-lgf.ch\/de\/wp-json\/wp\/v2\/tags?post=6926"}],"curies":[{"name":"wp","href":"https:\/\/api.w.org\/{rel}","templated":true}]}}

Kommission des Ständigen Diakonats

<div class="pf-content">		<div data-elementor-type="wp-post" data-elementor-id="6926" class="elementor elementor-6926 elementor-1130" data-elementor-post-type="page">
						<section class="elementor-section elementor-top-section elementor-element elementor-element-611ebea7 elementor-section-boxed elementor-section-height-default elementor-section-height-default" data-id="611ebea7" data-element_type="section" data-e-type="section">
						<div class="elementor-container elementor-column-gap-default">
					<div class="elementor-column elementor-col-100 elementor-top-column elementor-element elementor-element-2ec59265" data-id="2ec59265" data-element_type="column" data-e-type="column">
			<div class="elementor-widget-wrap elementor-element-populated">
						<div class="elementor-element elementor-element-46a4055 elementor-widget elementor-widget-text-editor" data-id="46a4055" data-element_type="widget" data-e-type="widget" data-widget_type="text-editor.default">
				<div class="elementor-widget-container">
									<p>Das ständige Diakonat in der Diözese von Lausanne, Genf und Freiburg ist einer Kommission unterstellt, deren Präsident Abbé Nicolas Glasson ist. Er ist auch Direktor des Priesterseminars.</p>
								</div>
				</div>
					</div>
		</div>
					</div>
		</section>
				<section class="elementor-section elementor-top-section elementor-element elementor-element-5ea8715 bloc-titre elementor-section-boxed elementor-section-height-default elementor-section-height-default" data-id="5ea8715" data-element_type="section" data-e-type="section">
						<div class="elementor-container elementor-column-gap-default">
					<div class="elementor-column elementor-col-100 elementor-top-column elementor-element elementor-element-8feb270" data-id="8feb270" data-element_type="column" data-e-type="column">
			<div class="elementor-widget-wrap elementor-element-populated">
						<div class="elementor-element elementor-element-6479a8b elementor-widget elementor-widget-heading" data-id="6479a8b" data-element_type="widget" data-e-type="widget" data-widget_type="heading.default">
				<div class="elementor-widget-container">
					<h2 class="elementor-heading-title elementor-size-default">Mitgliederliste</h2>				</div>
				</div>
					</div>
		</div>
					</div>
		</section>
				<section class="elementor-section elementor-top-section elementor-element elementor-element-e88967e elementor-section-boxed elementor-section-height-default elementor-section-height-default" data-id="e88967e" data-element_type="section" data-e-type="section">
						<div class="elementor-container elementor-column-gap-default">
					<div class="elementor-column elementor-col-100 elementor-top-column elementor-element elementor-element-3b1b6c34" data-id="3b1b6c34" data-element_type="column" data-e-type="column">
			<div class="elementor-widget-wrap elementor-element-populated">
						<div class="elementor-element elementor-element-425ba59d elementor-widget elementor-widget-text-editor" data-id="425ba59d" data-element_type="widget" data-e-type="widget" data-widget_type="text-editor.default">
				<div class="elementor-widget-container">
									<ul><li>Abbé Nicolas GLASSON (responsable diocésain, président de la commission)</li><li>M. Nicolas Carron (diacre, responsable de la formation)</li><li>Mme Claudine Cerchia (épouse de diacre)</li><li>Sr Daniela Ardizzoni (religieuse, VD)</li><li>M. Jacques Noun Sanou (diacre, GE)</li><li>M. Robert Nzobihindemyi (diacre, FR)</li><li>M. Stéphane Rempe (diacre)</li><li>M. Romuald Babey (diacre, NE)</li><li>M. Philippe Do (diacre, responsable de la fraternité diaconale)</li></ul>								</div>
				</div>
					</div>
		</div>
					</div>
		</section>
				<section class="elementor-section elementor-top-section elementor-element elementor-element-14a167bc elementor-section-boxed elementor-section-height-default elementor-section-height-default" data-id="14a167bc" data-element_type="section" data-e-type="section">
						<div class="elementor-container elementor-column-gap-default">
					<div class="elementor-column elementor-col-100 elementor-top-column elementor-element elementor-element-3c87a059" data-id="3c87a059" data-element_type="column" data-e-type="column">
			<div class="elementor-widget-wrap elementor-element-populated">
						<div class="elementor-element elementor-element-23526c1 elementor-widget elementor-widget-heading" data-id="23526c1" data-element_type="widget" data-e-type="widget" data-widget_type="heading.default">
				<div class="elementor-widget-container">
					<h2 class="elementor-heading-title elementor-size-default">Links</h2>				</div>
				</div>
				<div class="elementor-element elementor-element-69682a27 elementor-icon-list--layout-traditional elementor-list-item-link-full_width elementor-widget elementor-widget-icon-list" data-id="69682a27" data-element_type="widget" data-e-type="widget" data-widget_type="icon-list.default">
				<div class="elementor-widget-container">
							<ul class="elementor-icon-list-items">
							<li class="elementor-icon-list-item">
											<a href="http://www.vatican.va/roman_curia/congregations/ccatheduc/documents/rc_con_ccatheduc_doc_31031998_directorium-diaconi_ge.html" target="_blank">

												<span class="elementor-icon-list-icon">
							<i aria-hidden="true" class="fas fa-arrow-circle-right"></i>						</span>
										<span class="elementor-icon-list-text">Grundnormen für die Ausbildung der ständigen Diakonen</span>
											</a>
									</li>
								<li class="elementor-icon-list-item">
											<a href="http://www.vatican.va/roman_curia/congregations/cfaith/cti_documents/rc_con_cfaith_pro_05072004_diaconate_ge.html" target="_blank">

												<span class="elementor-icon-list-icon">
							<i aria-hidden="true" class="fas fa-arrow-circle-right"></i>						</span>
										<span class="elementor-icon-list-text">Dokument der Internationalen Theologischen Kommission über das Diakonat</span>
											</a>
									</li>
								<li class="elementor-icon-list-item">
											<a href="https://www.diakone.de/">

												<span class="elementor-icon-list-icon">
							<i aria-hidden="true" class="fas fa-arrow-circle-right"></i>						</span>
										<span class="elementor-icon-list-text">AG Ständiger Diakonat in Deutschland</span>
											</a>
									</li>
						</ul>
						</div>
				</div>
					</div>
		</div>
					</div>
		</section>
				</div>
		</div>

<p>Das ständige Diakonat in der Diözese von Lausanne, Genf und Freiburg ist einer Kommission unterstellt, deren Präsident Abbé Nicolas Glasson ist. Er ist auch Direktor des Priesterseminars. Mitgliederliste Abbé Nicolas [&hellip;]</p>
