{"id":6862,"date":"2020-10-13T08:07:07","date_gmt":"2020-10-13T06:07:07","guid":{"rendered":"https:\/\/diocese-lgf.emblematik.dev\/diozesanvermogensverwaltungsrat\/"},"modified":"2025-09-25T16:37:59","modified_gmt":"2025-09-25T14:37:59","slug":"verwaltungsrat","status":"publish","type":"page","link":"https:\/\/diocese-lgf.ch\/de\/verwaltungsrat\/","title":{"rendered":"Verwaltungsrat des Ordinariates\/der Di\u00f6zese"},"content":{"rendered":"<div class=\"pf-content\">\t\t<div data-elementor-type=\"wp-post\" data-elementor-id=\"6862\" class=\"elementor elementor-6862 elementor-753\" data-elementor-post-type=\"page\">\n\t\t\t\t\t\t<section class=\"elementor-section elementor-top-section elementor-element elementor-element-972a4b elementor-section-boxed elementor-section-height-default elementor-section-height-default\" data-id=\"972a4b\" data-element_type=\"section\" data-e-type=\"section\">\n\t\t\t\t\t\t<div class=\"elementor-container elementor-column-gap-default\">\n\t\t\t\t\t<div class=\"elementor-column elementor-col-100 elementor-top-column elementor-element elementor-element-7b922297\" data-id=\"7b922297\" data-element_type=\"column\" data-e-type=\"column\">\n\t\t\t<div class=\"elementor-widget-wrap elementor-element-populated\">\n\t\t\t\t\t\t<div class=\"elementor-element elementor-element-3c3f2462 elementor-widget elementor-widget-text-editor\" data-id=\"3c3f2462\" data-element_type=\"widget\" data-e-type=\"widget\" data-widget_type=\"text-editor.default\">\n\t\t\t\t<div class=\"elementor-widget-container\">\n\t\t\t\t\t\t\t\t\t<p>Le Conseil d\u2019administration de l\u2019\u00e9v\u00each\u00e9 \/ du dioc\u00e8se de Lausanne, Gen\u00e8ve et Fribourg (CA) a re\u00e7u la d\u00e9l\u00e9gation de l\u2019\u00e9v\u00eaque pour les affaires temporelles (administratives, financi\u00e8res, immobili\u00e8res\u2026) de l\u2019\u00e9v\u00each\u00e9 et du dioc\u00e8se. Il a \u00e9galement pour mission la supervision de l\u2019\u00e9conomat dioc\u00e9sain et l\u2019administration de l\u2019\u00e9v\u00each\u00e9, l\u2019\u00e9laboration d\u2019une vision strat\u00e9gique \u00e0 long terme pour les affaires temporelles ainsi que le suivi des liens financiers et institutionnels avec les corporations\/f\u00e9d\u00e9rations eccl\u00e9siastiques du dioc\u00e8se et d\u2019autres instances externes.<\/p><p>Le CA remplit notamment le r\u00f4le du Conseil dioc\u00e9sain pour les affaires \u00e9conomiques (Di\u00f6zesanverm\u00f6gensverwaltungsrat) (exig\u00e9 par le code de droit canonique).<\/p><p>Les champs d&#8217;action du CA concernent notamment:<\/p><ul><li>le domaine immobilier (ali\u00e9nations de biens eccl\u00e9siastiques, d\u00e9finition de strat\u00e9gie immobili\u00e8re, etc.)<\/li><li>la surveillance des fondations<\/li><li>les placements financiers et recommandations y relatives<\/li><li>les rapports entre Eglise et Etat (en lien avec les corporations\/f\u00e9d\u00e9rations eccl\u00e9siastiques du dioc\u00e8se)<\/li><\/ul><p><em>Der Di\u00f6zesanverm\u00f6gensverwaltungsrat ratunterst\u00fctzt den Bischof in finanziellen und wirtschaftlichen Angelegenheiten und fungiert als interne Finanzkontrollstelle der Di\u00f6zese; der di\u00f6zesane Wirtschaftsrat muss insbesondere zu allen Fragen im Zusammenhang mit der Verwaltung der kirchlichen G\u00fcter konsultiert werden. Er setzt sich aus dem Bischof oder seinem Delegierten sowie aus den vom Bischof ernannten Gl\u00e4ubigen zusammen.<\/em><\/p>\t\t\t\t\t\t\t\t<\/div>\n\t\t\t\t<\/div>\n\t\t\t\t\t<\/div>\n\t\t<\/div>\n\t\t\t\t\t<\/div>\n\t\t<\/section>\n\t\t\t\t<section class=\"elementor-section elementor-top-section elementor-element elementor-element-4f7b3a1 elementor-section-boxed elementor-section-height-default elementor-section-height-default\" data-id=\"4f7b3a1\" data-element_type=\"section\" data-e-type=\"section\">\n\t\t\t\t\t\t<div class=\"elementor-container elementor-column-gap-default\">\n\t\t\t\t\t<div class=\"elementor-column elementor-col-100 elementor-top-column elementor-element elementor-element-5737d4d\" data-id=\"5737d4d\" data-element_type=\"column\" data-e-type=\"column\">\n\t\t\t<div class=\"elementor-widget-wrap elementor-element-populated\">\n\t\t\t\t\t\t<div class=\"elementor-element elementor-element-0b9c50f elementor-widget elementor-widget-heading\" data-id=\"0b9c50f\" data-element_type=\"widget\" data-e-type=\"widget\" data-widget_type=\"heading.default\">\n\t\t\t\t<div class=\"elementor-widget-container\">\n\t\t\t\t\t<h2 class=\"elementor-heading-title elementor-size-default\">Mitgliederliste<\/h2>\t\t\t\t<\/div>\n\t\t\t\t<\/div>\n\t\t\t\t<div class=\"elementor-element elementor-element-0c577ad elementor-widget elementor-widget-text-editor\" data-id=\"0c577ad\" data-element_type=\"widget\" data-e-type=\"widget\" data-widget_type=\"text-editor.default\">\n\t\t\t\t<div class=\"elementor-widget-container\">\n\t\t\t\t\t\t\t\t\t<ul><li>offene Stelle (Sekret\u00e4r, nicht Mitglied des Rates)<\/li><li>Archiduc Christian de HABSBOURG (GE)<\/li><li>M. Jean-Baptiste HENRY de DIESBACH (FR) (Pr\u00e4sident)<\/li><li>M. Patrick MAYOR (FR)<\/li><li>Mme B\u00e9atrice M\u00c9TRAUX (VD)<\/li><li>Mme Victorine VAN ZANTEN (FR)<\/li><li>Me Christophe WILHELM (VD)<\/li><\/ul>\t\t\t\t\t\t\t\t<\/div>\n\t\t\t\t<\/div>\n\t\t\t\t\t<\/div>\n\t\t<\/div>\n\t\t\t\t\t<\/div>\n\t\t<\/section>\n\t\t\t\t<\/div>\n\t\t<\/div>","protected":false},"excerpt":{"rendered":"<p>Le Conseil d\u2019administration de l\u2019\u00e9v\u00each\u00e9 \/ du dioc\u00e8se de Lausanne, Gen\u00e8ve et Fribourg (CA) a re\u00e7u la d\u00e9l\u00e9gation de l\u2019\u00e9v\u00eaque pour les affaires temporelles (administratives, financi\u00e8res, immobili\u00e8res\u2026) de l\u2019\u00e9v\u00each\u00e9 et [&hellip;]<\/p>\n","protected":false},"author":5,"featured_media":0,"parent":0,"menu_order":4,"comment_status":"closed","ping_status":"closed","template":"","meta":{"_acf_changed":false,"footnotes":""},"categories":[34,30],"tags":[],"class_list":["post-6862","page","type-page","status-publish","hentry","category-ccom","category-eveche"],"acf":[],"_links":{"self":[{"href":"https:\/\/diocese-lgf.ch\/de\/wp-json\/wp\/v2\/pages\/6862","targetHints":{"allow":["GET"]}}],"collection":[{"href":"https:\/\/diocese-lgf.ch\/de\/wp-json\/wp\/v2\/pages"}],"about":[{"href":"https:\/\/diocese-lgf.ch\/de\/wp-json\/wp\/v2\/types\/page"}],"author":[{"embeddable":true,"href":"https:\/\/diocese-lgf.ch\/de\/wp-json\/wp\/v2\/users\/5"}],"replies":[{"embeddable":true,"href":"https:\/\/diocese-lgf.ch\/de\/wp-json\/wp\/v2\/comments?post=6862"}],"version-history":[{"count":23,"href":"https:\/\/diocese-lgf.ch\/de\/wp-json\/wp\/v2\/pages\/6862\/revisions"}],"predecessor-version":[{"id":31662,"href":"https:\/\/diocese-lgf.ch\/de\/wp-json\/wp\/v2\/pages\/6862\/revisions\/31662"}],"wp:attachment":[{"href":"https:\/\/diocese-lgf.ch\/de\/wp-json\/wp\/v2\/media?parent=6862"}],"wp:term":[{"taxonomy":"category","embeddable":true,"href":"https:\/\/diocese-lgf.ch\/de\/wp-json\/wp\/v2\/categories?post=6862"},{"taxonomy":"post_tag","embeddable":true,"href":"https:\/\/diocese-lgf.ch\/de\/wp-json\/wp\/v2\/tags?post=6862"}],"curies":[{"name":"wp","href":"https:\/\/api.w.org\/{rel}","templated":true}]}}

Verwaltungsrat des Ordinariates/der Diözese

<div class="pf-content">		<div data-elementor-type="wp-post" data-elementor-id="6862" class="elementor elementor-6862 elementor-753" data-elementor-post-type="page">
						<section class="elementor-section elementor-top-section elementor-element elementor-element-972a4b elementor-section-boxed elementor-section-height-default elementor-section-height-default" data-id="972a4b" data-element_type="section" data-e-type="section">
						<div class="elementor-container elementor-column-gap-default">
					<div class="elementor-column elementor-col-100 elementor-top-column elementor-element elementor-element-7b922297" data-id="7b922297" data-element_type="column" data-e-type="column">
			<div class="elementor-widget-wrap elementor-element-populated">
						<div class="elementor-element elementor-element-3c3f2462 elementor-widget elementor-widget-text-editor" data-id="3c3f2462" data-element_type="widget" data-e-type="widget" data-widget_type="text-editor.default">
				<div class="elementor-widget-container">
									<p>Le Conseil d’administration de l’évêché / du diocèse de Lausanne, Genève et Fribourg (CA) a reçu la délégation de l’évêque pour les affaires temporelles (administratives, financières, immobilières…) de l’évêché et du diocèse. Il a également pour mission la supervision de l’économat diocésain et l’administration de l’évêché, l’élaboration d’une vision stratégique à long terme pour les affaires temporelles ainsi que le suivi des liens financiers et institutionnels avec les corporations/fédérations ecclésiastiques du diocèse et d’autres instances externes.</p><p>Le CA remplit notamment le rôle du Conseil diocésain pour les affaires économiques (Diözesanvermögensverwaltungsrat) (exigé par le code de droit canonique).</p><p>Les champs d&#8217;action du CA concernent notamment:</p><ul><li>le domaine immobilier (aliénations de biens ecclésiastiques, définition de stratégie immobilière, etc.)</li><li>la surveillance des fondations</li><li>les placements financiers et recommandations y relatives</li><li>les rapports entre Eglise et Etat (en lien avec les corporations/fédérations ecclésiastiques du diocèse)</li></ul><p><em>Der Diözesanvermögensverwaltungsrat ratunterstützt den Bischof in finanziellen und wirtschaftlichen Angelegenheiten und fungiert als interne Finanzkontrollstelle der Diözese; der diözesane Wirtschaftsrat muss insbesondere zu allen Fragen im Zusammenhang mit der Verwaltung der kirchlichen Güter konsultiert werden. Er setzt sich aus dem Bischof oder seinem Delegierten sowie aus den vom Bischof ernannten Gläubigen zusammen.</em></p>								</div>
				</div>
					</div>
		</div>
					</div>
		</section>
				<section class="elementor-section elementor-top-section elementor-element elementor-element-4f7b3a1 elementor-section-boxed elementor-section-height-default elementor-section-height-default" data-id="4f7b3a1" data-element_type="section" data-e-type="section">
						<div class="elementor-container elementor-column-gap-default">
					<div class="elementor-column elementor-col-100 elementor-top-column elementor-element elementor-element-5737d4d" data-id="5737d4d" data-element_type="column" data-e-type="column">
			<div class="elementor-widget-wrap elementor-element-populated">
						<div class="elementor-element elementor-element-0b9c50f elementor-widget elementor-widget-heading" data-id="0b9c50f" data-element_type="widget" data-e-type="widget" data-widget_type="heading.default">
				<div class="elementor-widget-container">
					<h2 class="elementor-heading-title elementor-size-default">Mitgliederliste</h2>				</div>
				</div>
				<div class="elementor-element elementor-element-0c577ad elementor-widget elementor-widget-text-editor" data-id="0c577ad" data-element_type="widget" data-e-type="widget" data-widget_type="text-editor.default">
				<div class="elementor-widget-container">
									<ul><li>offene Stelle (Sekretär, nicht Mitglied des Rates)</li><li>Archiduc Christian de HABSBOURG (GE)</li><li>M. Jean-Baptiste HENRY de DIESBACH (FR) (Präsident)</li><li>M. Patrick MAYOR (FR)</li><li>Mme Béatrice MÉTRAUX (VD)</li><li>Mme Victorine VAN ZANTEN (FR)</li><li>Me Christophe WILHELM (VD)</li></ul>								</div>
				</div>
					</div>
		</div>
					</div>
		</section>
				</div>
		</div>

<p>Le Conseil d’administration de l’évêché / du diocèse de Lausanne, Genève et Fribourg (CA) a reçu la délégation de l’évêque pour les affaires temporelles (administratives, financières, immobilières…) de l’évêché et [&hellip;]</p>
