{"id":6708,"date":"2020-10-09T17:03:02","date_gmt":"2020-10-09T15:03:02","guid":{"rendered":"https:\/\/diocese-lgf.emblematik.dev\/kirchenleben\/sprachmissionen\/habla-usted-espanol\/"},"modified":"2020-10-09T17:03:03","modified_gmt":"2020-10-09T15:03:03","slug":"habla-usted-espanol","status":"publish","type":"page","link":"https:\/\/diocese-lgf.ch\/de\/kirchenleben\/sprachmissionen\/habla-usted-espanol\/","title":{"rendered":"\u00bfHabla usted espa\u00f1ol?"},"content":{"rendered":"<div class=\"pf-content\">\t\t<div data-elementor-type=\"wp-post\" data-elementor-id=\"6708\" class=\"elementor elementor-6708 elementor-5183\" data-elementor-post-type=\"page\">\n\t\t\t\t\t\t<section class=\"elementor-section elementor-top-section elementor-element elementor-element-01f790b elementor-section-boxed elementor-section-height-default elementor-section-height-default\" data-id=\"01f790b\" data-element_type=\"section\" data-e-type=\"section\">\n\t\t\t\t\t\t<div class=\"elementor-container elementor-column-gap-default\">\n\t\t\t\t\t<div class=\"elementor-column elementor-col-100 elementor-top-column elementor-element elementor-element-c138d71\" data-id=\"c138d71\" data-element_type=\"column\" data-e-type=\"column\">\n\t\t\t<div class=\"elementor-widget-wrap elementor-element-populated\">\n\t\t\t\t\t\t<div class=\"elementor-element elementor-element-e71827a elementor-widget elementor-widget-heading\" data-id=\"e71827a\" data-element_type=\"widget\" data-e-type=\"widget\" data-widget_type=\"heading.default\">\n\t\t\t\t<div class=\"elementor-widget-container\">\n\t\t\t\t\t<h2 class=\"elementor-heading-title elementor-size-default\">Una di\u00f3cesis multicultural<\/h2>\t\t\t\t<\/div>\n\t\t\t\t<\/div>\n\t\t\t\t\t<\/div>\n\t\t<\/div>\n\t\t\t\t\t<\/div>\n\t\t<\/section>\n\t\t\t\t<section class=\"elementor-section elementor-top-section elementor-element elementor-element-b9f40a4 elementor-section-boxed elementor-section-height-default elementor-section-height-default\" data-id=\"b9f40a4\" data-element_type=\"section\" data-e-type=\"section\">\n\t\t\t\t\t\t<div class=\"elementor-container elementor-column-gap-default\">\n\t\t\t\t\t<div class=\"elementor-column elementor-col-100 elementor-top-column elementor-element elementor-element-6a68a45\" data-id=\"6a68a45\" data-element_type=\"column\" data-e-type=\"column\">\n\t\t\t<div class=\"elementor-widget-wrap elementor-element-populated\">\n\t\t\t\t\t\t<div class=\"elementor-element elementor-element-d1e52c2 elementor-widget elementor-widget-text-editor\" data-id=\"d1e52c2\" data-element_type=\"widget\" data-e-type=\"widget\" data-widget_type=\"text-editor.default\">\n\t\t\t\t<div class=\"elementor-widget-container\">\n\t\t\t\t\t\t\t\t\t<p><strong>En nuestra di\u00f3cesis, muchos cat\u00f3licos se re\u00fanen seg\u00fan su lengua o cultura, en comunidades ling\u00fc\u00edsticas, a veces organizadas en &#8222;misiones ling\u00fc\u00edsticas&#8220;.<\/strong><\/p>\n<h4><strong>Mensaje del Obispo<\/strong><\/h4>\n<p><img fetchpriority=\"high\" decoding=\"async\" class=\"alignleft size-medium wp-image-4385\" src=\"https:\/\/diocese-lgf.ch\/wp-content\/uploads\/2020\/05\/CM_serieus-300x169.jpg\" alt=\"\" width=\"300\" height=\"169\" srcset=\"https:\/\/diocese-lgf.ch\/wp-content\/uploads\/2020\/05\/CM_serieus-300x169.jpg 300w, https:\/\/diocese-lgf.ch\/wp-content\/uploads\/2020\/05\/CM_serieus-768x432.jpg 768w, https:\/\/diocese-lgf.ch\/wp-content\/uploads\/2020\/05\/CM_serieus-1024x576.jpg 1024w, https:\/\/diocese-lgf.ch\/wp-content\/uploads\/2020\/05\/CM_serieus.jpg 1234w\" sizes=\"(max-width: 300px) 100vw, 300px\" \/><em>En la di\u00f3cesis, m\u00e1s del 60% de los cat\u00f3licos son extranjeros o de origen extranjera cercana; la proporci\u00f3n es a\u00fan mayor entre los que practican. Las parroquias e incluso las misiones ling\u00fc\u00edsticas nunca son \u201cmono culturales\u201d. Esta diversidad en la unidad no es anormal para la Iglesia, que ha sido multicultural desde sus comienzos, y que desde esta perspectiva puede hacer una contribuci\u00f3n a la sociedad en su conjunto mostrando nuestra comuni\u00f3n en la aceptaci\u00f3n mutua.<\/em><\/p>\n<p><em><strong>Para una mayor colaboraci\u00f3n entre las misiones ling\u00fc\u00edsticas y las unidades pastorales<\/strong><\/em><\/p>\n<p><em>En la vida de la Iglesia se pueden prever diferentes niveles de cooperaci\u00f3n entre las parroquias y las misiones ling\u00fc\u00edsticas, que van desde proyectos puntuales hasta una cooperaci\u00f3n constante que puede ser parcial (catequesis&#8230;) o global. Los modelos son necesariamente variados, porque las situaciones son variadas: algunas misiones ling\u00fc\u00edsticas tienen un peque\u00f1o n\u00famero de fieles dispersos por toda Suiza, otras tienen una presencia muy fuerte en las unidades pastorales. Es muy deseable que las unidades pastorales y las misiones ling\u00fc\u00edsticas trabajen cada vez m\u00e1s en com\u00fan, sin eliminar las contribuciones de cada una, y que se invite a los misioneros ling\u00fc\u00edsticos a unirse a los equipos pastorales y a los diversos consejos, que la ocupaci\u00f3n de los locales se gestione conjuntamente, etc.<\/em><\/p>\n\t\t\t\t\t\t\t\t<\/div>\n\t\t\t\t<\/div>\n\t\t\t\t\t<\/div>\n\t\t<\/div>\n\t\t\t\t\t<\/div>\n\t\t<\/section>\n\t\t\t\t<section class=\"elementor-section elementor-top-section elementor-element elementor-element-611ebea7 elementor-section-boxed elementor-section-height-default elementor-section-height-default\" data-id=\"611ebea7\" data-element_type=\"section\" data-e-type=\"section\">\n\t\t\t\t\t\t<div class=\"elementor-container elementor-column-gap-default\">\n\t\t\t\t\t<div class=\"elementor-column elementor-col-100 elementor-top-column elementor-element elementor-element-2ec59265\" data-id=\"2ec59265\" data-element_type=\"column\" data-e-type=\"column\">\n\t\t\t<div class=\"elementor-widget-wrap elementor-element-populated\">\n\t\t\t\t\t\t<div class=\"elementor-element elementor-element-46a4055 elementor-widget elementor-widget-text-editor\" data-id=\"46a4055\" data-element_type=\"widget\" data-e-type=\"widget\" data-widget_type=\"text-editor.default\">\n\t\t\t\t<div class=\"elementor-widget-container\">\n\t\t\t\t\t\t\t\t\t<h4>\u00bfHabla usted espa\u00f1ol?<\/h4>\n<p>Aqu\u00ed hay algunas direcciones de las misiones ling\u00fc\u00edsticas de nuestra di\u00f3cesis:<\/p>\n<ul>\n<li><a href=\"https:\/\/www.cath-vd.ch\/missions\/mision-cantonal-de-lengua-espanola\/\">VD<\/a><\/li>\n<li><a href=\"https:\/\/www.eglisecatholique-ge.ch\/messes-paroisses\/paroisses\/paroisse-catholique-de-langue-espagnole\/\">GE<\/a><\/li>\n<li><a href=\"https:\/\/www.cath-fr.ch\/mission_espagnole\">FR<\/a><\/li>\n<li><a href=\"https:\/\/www.cath-ne.ch\/mission-hispanophone\">NE<\/a><\/li>\n<\/ul>\n<p>\u00a0<\/p>\n\t\t\t\t\t\t\t\t<\/div>\n\t\t\t\t<\/div>\n\t\t\t\t\t<\/div>\n\t\t<\/div>\n\t\t\t\t\t<\/div>\n\t\t<\/section>\n\t\t\t\t<\/div>\n\t\t<\/div>","protected":false},"excerpt":{"rendered":"<p>Una di\u00f3cesis multicultural En nuestra di\u00f3cesis, muchos cat\u00f3licos se re\u00fanen seg\u00fan su lengua o cultura, en comunidades ling\u00fc\u00edsticas, a veces organizadas en &#8222;misiones ling\u00fc\u00edsticas&#8220;. Mensaje del Obispo En la di\u00f3cesis, [&hellip;]<\/p>\n","protected":false},"author":4,"featured_media":0,"parent":6371,"menu_order":2,"comment_status":"closed","ping_status":"closed","template":"","meta":{"_acf_changed":false,"footnotes":""},"categories":[131,70],"tags":[],"class_list":["post-6708","page","type-page","status-publish","hentry","category-missions-linguistiques","category-vie-eglise-de"],"acf":[],"_links":{"self":[{"href":"https:\/\/diocese-lgf.ch\/de\/wp-json\/wp\/v2\/pages\/6708","targetHints":{"allow":["GET"]}}],"collection":[{"href":"https:\/\/diocese-lgf.ch\/de\/wp-json\/wp\/v2\/pages"}],"about":[{"href":"https:\/\/diocese-lgf.ch\/de\/wp-json\/wp\/v2\/types\/page"}],"author":[{"embeddable":true,"href":"https:\/\/diocese-lgf.ch\/de\/wp-json\/wp\/v2\/users\/4"}],"replies":[{"embeddable":true,"href":"https:\/\/diocese-lgf.ch\/de\/wp-json\/wp\/v2\/comments?post=6708"}],"version-history":[{"count":1,"href":"https:\/\/diocese-lgf.ch\/de\/wp-json\/wp\/v2\/pages\/6708\/revisions"}],"predecessor-version":[{"id":6709,"href":"https:\/\/diocese-lgf.ch\/de\/wp-json\/wp\/v2\/pages\/6708\/revisions\/6709"}],"up":[{"embeddable":true,"href":"https:\/\/diocese-lgf.ch\/de\/wp-json\/wp\/v2\/pages\/6371"}],"wp:attachment":[{"href":"https:\/\/diocese-lgf.ch\/de\/wp-json\/wp\/v2\/media?parent=6708"}],"wp:term":[{"taxonomy":"category","embeddable":true,"href":"https:\/\/diocese-lgf.ch\/de\/wp-json\/wp\/v2\/categories?post=6708"},{"taxonomy":"post_tag","embeddable":true,"href":"https:\/\/diocese-lgf.ch\/de\/wp-json\/wp\/v2\/tags?post=6708"}],"curies":[{"name":"wp","href":"https:\/\/api.w.org\/{rel}","templated":true}]}}

¿Habla usted español?

<div class="pf-content">		<div data-elementor-type="wp-post" data-elementor-id="6708" class="elementor elementor-6708 elementor-5183" data-elementor-post-type="page">
						<section class="elementor-section elementor-top-section elementor-element elementor-element-01f790b elementor-section-boxed elementor-section-height-default elementor-section-height-default" data-id="01f790b" data-element_type="section" data-e-type="section">
						<div class="elementor-container elementor-column-gap-default">
					<div class="elementor-column elementor-col-100 elementor-top-column elementor-element elementor-element-c138d71" data-id="c138d71" data-element_type="column" data-e-type="column">
			<div class="elementor-widget-wrap elementor-element-populated">
						<div class="elementor-element elementor-element-e71827a elementor-widget elementor-widget-heading" data-id="e71827a" data-element_type="widget" data-e-type="widget" data-widget_type="heading.default">
				<div class="elementor-widget-container">
					<h2 class="elementor-heading-title elementor-size-default">Una diócesis multicultural</h2>				</div>
				</div>
					</div>
		</div>
					</div>
		</section>
				<section class="elementor-section elementor-top-section elementor-element elementor-element-b9f40a4 elementor-section-boxed elementor-section-height-default elementor-section-height-default" data-id="b9f40a4" data-element_type="section" data-e-type="section">
						<div class="elementor-container elementor-column-gap-default">
					<div class="elementor-column elementor-col-100 elementor-top-column elementor-element elementor-element-6a68a45" data-id="6a68a45" data-element_type="column" data-e-type="column">
			<div class="elementor-widget-wrap elementor-element-populated">
						<div class="elementor-element elementor-element-d1e52c2 elementor-widget elementor-widget-text-editor" data-id="d1e52c2" data-element_type="widget" data-e-type="widget" data-widget_type="text-editor.default">
				<div class="elementor-widget-container">
									<p><strong>En nuestra diócesis, muchos católicos se reúnen según su lengua o cultura, en comunidades lingüísticas, a veces organizadas en &#8222;misiones lingüísticas&#8220;.</strong></p>
<h4><strong>Mensaje del Obispo</strong></h4>
<p><img fetchpriority="high" decoding="async" class="alignleft size-medium wp-image-4385" src="https://diocese-lgf.ch/wp-content/uploads/2020/05/CM_serieus-300x169.jpg" alt="" width="300" height="169" srcset="https://diocese-lgf.ch/wp-content/uploads/2020/05/CM_serieus-300x169.jpg 300w, https://diocese-lgf.ch/wp-content/uploads/2020/05/CM_serieus-768x432.jpg 768w, https://diocese-lgf.ch/wp-content/uploads/2020/05/CM_serieus-1024x576.jpg 1024w, https://diocese-lgf.ch/wp-content/uploads/2020/05/CM_serieus.jpg 1234w" sizes="(max-width: 300px) 100vw, 300px" /><em>En la diócesis, más del 60% de los católicos son extranjeros o de origen extranjera cercana; la proporción es aún mayor entre los que practican. Las parroquias e incluso las misiones lingüísticas nunca son “mono culturales”. Esta diversidad en la unidad no es anormal para la Iglesia, que ha sido multicultural desde sus comienzos, y que desde esta perspectiva puede hacer una contribución a la sociedad en su conjunto mostrando nuestra comunión en la aceptación mutua.</em></p>
<p><em><strong>Para una mayor colaboración entre las misiones lingüísticas y las unidades pastorales</strong></em></p>
<p><em>En la vida de la Iglesia se pueden prever diferentes niveles de cooperación entre las parroquias y las misiones lingüísticas, que van desde proyectos puntuales hasta una cooperación constante que puede ser parcial (catequesis&#8230;) o global. Los modelos son necesariamente variados, porque las situaciones son variadas: algunas misiones lingüísticas tienen un pequeño número de fieles dispersos por toda Suiza, otras tienen una presencia muy fuerte en las unidades pastorales. Es muy deseable que las unidades pastorales y las misiones lingüísticas trabajen cada vez más en común, sin eliminar las contribuciones de cada una, y que se invite a los misioneros lingüísticos a unirse a los equipos pastorales y a los diversos consejos, que la ocupación de los locales se gestione conjuntamente, etc.</em></p>
								</div>
				</div>
					</div>
		</div>
					</div>
		</section>
				<section class="elementor-section elementor-top-section elementor-element elementor-element-611ebea7 elementor-section-boxed elementor-section-height-default elementor-section-height-default" data-id="611ebea7" data-element_type="section" data-e-type="section">
						<div class="elementor-container elementor-column-gap-default">
					<div class="elementor-column elementor-col-100 elementor-top-column elementor-element elementor-element-2ec59265" data-id="2ec59265" data-element_type="column" data-e-type="column">
			<div class="elementor-widget-wrap elementor-element-populated">
						<div class="elementor-element elementor-element-46a4055 elementor-widget elementor-widget-text-editor" data-id="46a4055" data-element_type="widget" data-e-type="widget" data-widget_type="text-editor.default">
				<div class="elementor-widget-container">
									<h4>¿Habla usted español?</h4>
<p>Aquí hay algunas direcciones de las misiones lingüísticas de nuestra diócesis:</p>
<ul>
<li><a href="https://www.cath-vd.ch/missions/mision-cantonal-de-lengua-espanola/">VD</a></li>
<li><a href="https://www.eglisecatholique-ge.ch/messes-paroisses/paroisses/paroisse-catholique-de-langue-espagnole/">GE</a></li>
<li><a href="https://www.cath-fr.ch/mission_espagnole">FR</a></li>
<li><a href="https://www.cath-ne.ch/mission-hispanophone">NE</a></li>
</ul>
<p> </p>
								</div>
				</div>
					</div>
		</div>
					</div>
		</section>
				</div>
		</div>

<p>Una diócesis multicultural En nuestra diócesis, muchos católicos se reúnen según su lengua o cultura, en comunidades lingüísticas, a veces organizadas en &#8222;misiones lingüísticas&#8220;. Mensaje del Obispo En la diócesis, [&hellip;]</p>
