{"id":6625,"date":"2020-10-09T14:31:38","date_gmt":"2020-10-09T12:31:38","guid":{"rendered":"https:\/\/diocese-lgf.emblematik.dev\/firmung\/"},"modified":"2020-10-09T14:33:56","modified_gmt":"2020-10-09T12:33:56","slug":"firmung","status":"publish","type":"page","link":"https:\/\/diocese-lgf.ch\/de\/kirchenleben\/firmung\/","title":{"rendered":"Firmung"},"content":{"rendered":"<div class=\"pf-content\">\t\t<div data-elementor-type=\"wp-post\" data-elementor-id=\"6625\" class=\"elementor elementor-6625 elementor-3467\" data-elementor-post-type=\"page\">\n\t\t\t\t\t\t<section class=\"elementor-section elementor-top-section elementor-element elementor-element-9aad2dd elementor-section-boxed elementor-section-height-default elementor-section-height-default\" data-id=\"9aad2dd\" data-element_type=\"section\" data-e-type=\"section\">\n\t\t\t\t\t\t<div class=\"elementor-container elementor-column-gap-default\">\n\t\t\t\t\t<div class=\"elementor-column elementor-col-100 elementor-top-column elementor-element elementor-element-015566b\" data-id=\"015566b\" data-element_type=\"column\" data-e-type=\"column\">\n\t\t\t<div class=\"elementor-widget-wrap elementor-element-populated\">\n\t\t\t\t\t\t<div class=\"elementor-element elementor-element-736d768 elementor-widget elementor-widget-image\" data-id=\"736d768\" data-element_type=\"widget\" data-e-type=\"widget\" data-widget_type=\"image.default\">\n\t\t\t\t<div class=\"elementor-widget-container\">\n\t\t\t\t\t\t\t\t\t\t\t\t<figure class=\"wp-caption\">\n\t\t\t\t\t\t\t\t\t\t<img fetchpriority=\"high\" decoding=\"async\" width=\"1974\" height=\"1386\" src=\"https:\/\/diocese-lgf.ch\/wp-content\/uploads\/2020\/08\/conf.jpg\" class=\"attachment-full size-full wp-image-5142\" alt=\"\" srcset=\"https:\/\/diocese-lgf.ch\/wp-content\/uploads\/2020\/08\/conf.jpg 1974w, https:\/\/diocese-lgf.ch\/wp-content\/uploads\/2020\/08\/conf-300x211.jpg 300w, https:\/\/diocese-lgf.ch\/wp-content\/uploads\/2020\/08\/conf-1024x719.jpg 1024w, https:\/\/diocese-lgf.ch\/wp-content\/uploads\/2020\/08\/conf-768x539.jpg 768w, https:\/\/diocese-lgf.ch\/wp-content\/uploads\/2020\/08\/conf-1536x1078.jpg 1536w\" sizes=\"(max-width: 1974px) 100vw, 1974px\" \/>\t\t\t\t\t\t\t\t\t\t\t<figcaption class=\"widget-image-caption wp-caption-text\">www.murtenseevully-history.ch<\/figcaption>\n\t\t\t\t\t\t\t\t\t\t<\/figure>\n\t\t\t\t\t\t\t\t\t<\/div>\n\t\t\t\t<\/div>\n\t\t\t\t\t<\/div>\n\t\t<\/div>\n\t\t\t\t\t<\/div>\n\t\t<\/section>\n\t\t\t\t<section class=\"elementor-section elementor-top-section elementor-element elementor-element-611ebea7 elementor-section-boxed elementor-section-height-default elementor-section-height-default\" data-id=\"611ebea7\" data-element_type=\"section\" data-e-type=\"section\">\n\t\t\t\t\t\t<div class=\"elementor-container elementor-column-gap-default\">\n\t\t\t\t\t<div class=\"elementor-column elementor-col-100 elementor-top-column elementor-element elementor-element-2ec59265\" data-id=\"2ec59265\" data-element_type=\"column\" data-e-type=\"column\">\n\t\t\t<div class=\"elementor-widget-wrap elementor-element-populated\">\n\t\t\t\t\t\t<div class=\"elementor-element elementor-element-46a4055 elementor-widget elementor-widget-text-editor\" data-id=\"46a4055\" data-element_type=\"widget\" data-e-type=\"widget\" data-widget_type=\"text-editor.default\">\n\t\t\t\t<div class=\"elementor-widget-container\">\n\t\t\t\t\t\t\t\t\t<p>Durch die Firmung empf\u00e4ngt die Christin oder der Christ die Gaben des Heiligen Geistes, die Christus uns versprochen hat und welche die Apostel am Pfingsttag empfangen haben. Man sagt von diesem Sakrament, dass es die Kraft des Erwachsenseins im Glauben verleiht und Auftrieb f\u00fcr das christliche Zeugnis schenkt. In der r\u00f6mischen Tradition wird die Firmung sp\u00e4ter als die Taufe gespendet, w\u00e4hrend in der \u00f6stlichen Tradition die drei Sakramente der christlichen Initiation gleichzeitig erteilt werden.<\/p><p>Wie die Taufe pr\u00e4gt die Firmung den Christen ein unausl\u00f6schliches Zeichen auf, was man \u00fcbrigens \u00abSiegel\u00bb nennt.<\/p><p>Um das Sakrament der Firmung vorzubereiten, k\u00f6nnen Sie sich an Ihre Pfarrei wenden oder den Katechesedienst der Kantone Ihrer Di\u00f6zese anfragen:<\/p><ul><li><a href=\"https:\/\/www.cath-vd.ch\/generations\/enfants\/\" target=\"_blank\" rel=\"noopener\">Waadt<\/a><\/li><li><a href=\"https:\/\/www.eglisecatholique-ge.ch\/decouvrir\/services\/catechese\/\" target=\"_blank\" rel=\"noopener\">Genf<\/a><\/li><li><a href=\"https:\/\/www.cath-fr.ch\/catech%C3%A8se\/presentation\" target=\"_blank\" rel=\"noopener\">franz\u00f6sischsprachiges Freiburg<\/a><\/li><li><a href=\"https:\/\/www.kath-fr.ch\/defka\" target=\"_blank\" rel=\"noopener\">deutschsprachiges Freiburg<\/a><\/li><li><a href=\"https:\/\/www.cath-ne.ch\/catechumenat-des-enfants\" target=\"_blank\" rel=\"noopener\">Neuenburg<\/a><\/li><\/ul>\t\t\t\t\t\t\t\t<\/div>\n\t\t\t\t<\/div>\n\t\t\t\t\t<\/div>\n\t\t<\/div>\n\t\t\t\t\t<\/div>\n\t\t<\/section>\n\t\t\t\t<\/div>\n\t\t<\/div>","protected":false},"excerpt":{"rendered":"<p>www.murtenseevully-history.ch Durch die Firmung empf\u00e4ngt die Christin oder der Christ die Gaben des Heiligen Geistes, die Christus uns versprochen hat und welche die Apostel am Pfingsttag empfangen haben. Man sagt [&hellip;]<\/p>\n","protected":false},"author":4,"featured_media":0,"parent":6327,"menu_order":1,"comment_status":"closed","ping_status":"closed","template":"","meta":{"_acf_changed":false,"footnotes":""},"categories":[70],"tags":[],"class_list":["post-6625","page","type-page","status-publish","hentry","category-vie-eglise-de"],"acf":[],"_links":{"self":[{"href":"https:\/\/diocese-lgf.ch\/de\/wp-json\/wp\/v2\/pages\/6625","targetHints":{"allow":["GET"]}}],"collection":[{"href":"https:\/\/diocese-lgf.ch\/de\/wp-json\/wp\/v2\/pages"}],"about":[{"href":"https:\/\/diocese-lgf.ch\/de\/wp-json\/wp\/v2\/types\/page"}],"author":[{"embeddable":true,"href":"https:\/\/diocese-lgf.ch\/de\/wp-json\/wp\/v2\/users\/4"}],"replies":[{"embeddable":true,"href":"https:\/\/diocese-lgf.ch\/de\/wp-json\/wp\/v2\/comments?post=6625"}],"version-history":[{"count":6,"href":"https:\/\/diocese-lgf.ch\/de\/wp-json\/wp\/v2\/pages\/6625\/revisions"}],"predecessor-version":[{"id":6632,"href":"https:\/\/diocese-lgf.ch\/de\/wp-json\/wp\/v2\/pages\/6625\/revisions\/6632"}],"up":[{"embeddable":true,"href":"https:\/\/diocese-lgf.ch\/de\/wp-json\/wp\/v2\/pages\/6327"}],"wp:attachment":[{"href":"https:\/\/diocese-lgf.ch\/de\/wp-json\/wp\/v2\/media?parent=6625"}],"wp:term":[{"taxonomy":"category","embeddable":true,"href":"https:\/\/diocese-lgf.ch\/de\/wp-json\/wp\/v2\/categories?post=6625"},{"taxonomy":"post_tag","embeddable":true,"href":"https:\/\/diocese-lgf.ch\/de\/wp-json\/wp\/v2\/tags?post=6625"}],"curies":[{"name":"wp","href":"https:\/\/api.w.org\/{rel}","templated":true}]}}

<div class="pf-content">		<div data-elementor-type="wp-post" data-elementor-id="6625" class="elementor elementor-6625 elementor-3467" data-elementor-post-type="page">
						<section class="elementor-section elementor-top-section elementor-element elementor-element-9aad2dd elementor-section-boxed elementor-section-height-default elementor-section-height-default" data-id="9aad2dd" data-element_type="section" data-e-type="section">
						<div class="elementor-container elementor-column-gap-default">
					<div class="elementor-column elementor-col-100 elementor-top-column elementor-element elementor-element-015566b" data-id="015566b" data-element_type="column" data-e-type="column">
			<div class="elementor-widget-wrap elementor-element-populated">
						<div class="elementor-element elementor-element-736d768 elementor-widget elementor-widget-image" data-id="736d768" data-element_type="widget" data-e-type="widget" data-widget_type="image.default">
				<div class="elementor-widget-container">
												<figure class="wp-caption">
										<img fetchpriority="high" decoding="async" width="1974" height="1386" src="https://diocese-lgf.ch/wp-content/uploads/2020/08/conf.jpg" class="attachment-full size-full wp-image-5142" alt="" srcset="https://diocese-lgf.ch/wp-content/uploads/2020/08/conf.jpg 1974w, https://diocese-lgf.ch/wp-content/uploads/2020/08/conf-300x211.jpg 300w, https://diocese-lgf.ch/wp-content/uploads/2020/08/conf-1024x719.jpg 1024w, https://diocese-lgf.ch/wp-content/uploads/2020/08/conf-768x539.jpg 768w, https://diocese-lgf.ch/wp-content/uploads/2020/08/conf-1536x1078.jpg 1536w" sizes="(max-width: 1974px) 100vw, 1974px" />											<figcaption class="widget-image-caption wp-caption-text">www.murtenseevully-history.ch</figcaption>
										</figure>
									</div>
				</div>
					</div>
		</div>
					</div>
		</section>
				<section class="elementor-section elementor-top-section elementor-element elementor-element-611ebea7 elementor-section-boxed elementor-section-height-default elementor-section-height-default" data-id="611ebea7" data-element_type="section" data-e-type="section">
						<div class="elementor-container elementor-column-gap-default">
					<div class="elementor-column elementor-col-100 elementor-top-column elementor-element elementor-element-2ec59265" data-id="2ec59265" data-element_type="column" data-e-type="column">
			<div class="elementor-widget-wrap elementor-element-populated">
						<div class="elementor-element elementor-element-46a4055 elementor-widget elementor-widget-text-editor" data-id="46a4055" data-element_type="widget" data-e-type="widget" data-widget_type="text-editor.default">
				<div class="elementor-widget-container">
									<p>Durch die Firmung empfängt die Christin oder der Christ die Gaben des Heiligen Geistes, die Christus uns versprochen hat und welche die Apostel am Pfingsttag empfangen haben. Man sagt von diesem Sakrament, dass es die Kraft des Erwachsenseins im Glauben verleiht und Auftrieb für das christliche Zeugnis schenkt. In der römischen Tradition wird die Firmung später als die Taufe gespendet, während in der östlichen Tradition die drei Sakramente der christlichen Initiation gleichzeitig erteilt werden.</p><p>Wie die Taufe prägt die Firmung den Christen ein unauslöschliches Zeichen auf, was man übrigens «Siegel» nennt.</p><p>Um das Sakrament der Firmung vorzubereiten, können Sie sich an Ihre Pfarrei wenden oder den Katechesedienst der Kantone Ihrer Diözese anfragen:</p><ul><li><a href="https://www.cath-vd.ch/generations/enfants/" target="_blank" rel="noopener">Waadt</a></li><li><a href="https://www.eglisecatholique-ge.ch/decouvrir/services/catechese/" target="_blank" rel="noopener">Genf</a></li><li><a href="https://www.cath-fr.ch/catech%C3%A8se/presentation" target="_blank" rel="noopener">französischsprachiges Freiburg</a></li><li><a href="https://www.kath-fr.ch/defka" target="_blank" rel="noopener">deutschsprachiges Freiburg</a></li><li><a href="https://www.cath-ne.ch/catechumenat-des-enfants" target="_blank" rel="noopener">Neuenburg</a></li></ul>								</div>
				</div>
					</div>
		</div>
					</div>
		</section>
				</div>
		</div>

<p>www.murtenseevully-history.ch Durch die Firmung empfängt die Christin oder der Christ die Gaben des Heiligen Geistes, die Christus uns versprochen hat und welche die Apostel am Pfingsttag empfangen haben. Man sagt [&hellip;]</p>
