{"id":6377,"date":"2020-10-09T07:58:29","date_gmt":"2020-10-09T05:58:29","guid":{"rendered":"https:\/\/diocese-lgf.emblematik.dev\/diozesane-weiterbildung-2019\/"},"modified":"2020-10-09T08:36:20","modified_gmt":"2020-10-09T06:36:20","slug":"diozesane-weiterbildung-2019","status":"publish","type":"page","link":"https:\/\/diocese-lgf.ch\/de\/diozesane-weiterbildung-2019\/","title":{"rendered":"Di\u00f6zesane Weiterbildung 2019"},"content":{"rendered":"<div class=\"pf-content\">\t\t<div data-elementor-type=\"wp-page\" data-elementor-id=\"6377\" class=\"elementor elementor-6377 elementor-3158\" data-elementor-post-type=\"page\">\n\t\t\t\t\t\t<section class=\"elementor-section elementor-top-section elementor-element elementor-element-132379d elementor-section-boxed elementor-section-height-default elementor-section-height-default\" data-id=\"132379d\" data-element_type=\"section\" data-e-type=\"section\">\n\t\t\t\t\t\t<div class=\"elementor-container elementor-column-gap-default\">\n\t\t\t\t\t<div class=\"elementor-column elementor-col-100 elementor-top-column elementor-element elementor-element-927fb93\" data-id=\"927fb93\" data-element_type=\"column\" data-e-type=\"column\">\n\t\t\t<div class=\"elementor-widget-wrap elementor-element-populated\">\n\t\t\t\t\t\t<div class=\"elementor-element elementor-element-8c0a143 elementor-widget elementor-widget-text-editor\" data-id=\"8c0a143\" data-element_type=\"widget\" data-e-type=\"widget\" data-widget_type=\"text-editor.default\">\n\t\t\t\t<div class=\"elementor-widget-container\">\n\t\t\t\t\t\t\t\t\t<p><img fetchpriority=\"high\" decoding=\"async\" class=\"size-full wp-image-6382 alignleft\" src=\"https:\/\/diocese-lgf.ch\/wp-content\/uploads\/2020\/10\/Session2019d.png\" alt=\"\" width=\"200\" height=\"284\" \/>12.-14. November, Palexpo, Genf.<\/p><p class=\"align-justify\">Das Thema \u00abKirche ohne Grenzen\u00bb handelt von der Sendung der Kirche, die als Sakrament der Einheit alle kulturellen Grenzen ihrer Mitglieder \u00fcbersteigt.<\/p><ul><li><a href=\"https:\/\/diocese-lgf.ch\/wp-content\/uploads\/2020\/10\/Flyer_Session_diocesaine_2019_DE_web.pdf\" target=\"_blank\" rel=\"noopener\">Flyer<\/a><\/li><li><a href=\"https:\/\/photos.app.goo.gl\/1driQQsfqgLn9wDE9\">Fotos<\/a><\/li><li><a href=\"https:\/\/diocese-lgf.ch\/wp-content\/uploads\/2020\/10\/20191115_CP_session_diocesaine_2019_d.pdf\" target=\"_blank\" rel=\"noopener\">Communiqu\u00e9<\/a><\/li><\/ul>\t\t\t\t\t\t\t\t<\/div>\n\t\t\t\t<\/div>\n\t\t\t\t\t<\/div>\n\t\t<\/div>\n\t\t\t\t\t<\/div>\n\t\t<\/section>\n\t\t\t\t<section class=\"elementor-section elementor-top-section elementor-element elementor-element-5739002 elementor-section-boxed elementor-section-height-default elementor-section-height-default\" data-id=\"5739002\" data-element_type=\"section\" data-e-type=\"section\">\n\t\t\t\t\t\t<div class=\"elementor-container elementor-column-gap-default\">\n\t\t\t\t\t<div class=\"elementor-column elementor-col-100 elementor-top-column elementor-element elementor-element-7aaa17a\" data-id=\"7aaa17a\" data-element_type=\"column\" data-e-type=\"column\">\n\t\t\t<div class=\"elementor-widget-wrap elementor-element-populated\">\n\t\t\t\t\t\t<div class=\"elementor-element elementor-element-0bb0521 elementor-widget elementor-widget-text-editor\" data-id=\"0bb0521\" data-element_type=\"widget\" data-e-type=\"widget\" data-widget_type=\"text-editor.default\">\n\t\t\t\t<div class=\"elementor-widget-container\">\n\t\t\t\t\t\t\t\t\t<p>Referate\/Zeugnisse:<\/p><ul><li><a href=\"https:\/\/diocese-lgf.ch\/wp-content\/uploads\/2019\/12\/Session_diocesaine_2019_chantal_reynier_etranger_exile_etrange_chretien.pdf\">Chantal Reynier, &#8222;Etranger, exil\u00e9. Etrange chr\u00e9tien ?&#8220;<\/a><\/li><li><a href=\"https:\/\/diocese-lgf.ch\/wp-content\/uploads\/2019\/12\/Session_diocesaine_2019_jacques_rime_anecdotes_sur_la_migration.pdf\">Jacques Rime, &#8222;Anecdotes sur la migration&#8220;<\/a><\/li><li><a href=\"https:\/\/diocese-lgf.ch\/wp-content\/uploads\/2019\/12\/Session_diocesaine_2019_luca_marin_migrations_et_migrants_cles_lecture.pdf\">Luca Marin, &#8222;Migrations et migrants : cl\u00e9 de lecture&#8220;<\/a><\/li><li><a href=\"https:\/\/diocese-lgf.ch\/wp-content\/uploads\/2019\/12\/Session_diocesaine_2019_mh_robert_expose_interculturel.pdf\">Marie-H\u00e9l\u00e8ne Robert, expos\u00e9 sur l&#8217;interculturel<\/a><\/li><li><a href=\"https:\/\/diocese-lgf.ch\/wp-content\/uploads\/2019\/12\/Session_diocesaine_2019_mh_robert_jeux_sur_interculturel.pdf\">Marie-H\u00e9l\u00e8ne Robert, jeux\u00a0sur l&#8217;interculturel<\/a><\/li><li><a href=\"https:\/\/diocese-lgf.ch\/wp-content\/uploads\/2019\/12\/Session_diocesaine_2019_nicolas_glasson_ecclesiologie_de_communion.pdf\">Nicolas Glasson, &#8222;Eccl\u00e9siologie de communion&#8220;<\/a><\/li><li><a href=\"https:\/\/diocese-lgf.ch\/wp-content\/uploads\/2019\/12\/Session_diocesaine_2019_patrick_renz_etat_lieux_migration_en_suisse.pdf\">Patrick Renz, &#8222;\u00c9tat des lieux de la migration en Suisse&#8220;<\/a><\/li><li><a href=\"https:\/\/diocese-lgf.ch\/wp-content\/uploads\/2019\/12\/Session_diocesaine_2019_temoignage_bettina_gruber_fribourg_bilingue.pdf\">Bettina Gruber, t\u00e9moignage<\/a><\/li><li><a href=\"https:\/\/diocese-lgf.ch\/wp-content\/uploads\/2019\/12\/Session_diocesaine_2019_temoignage_florian_joos.pdf\">Florian Joos, &#8222;Deux langues, deux cultures &#8211; une seule \u00c9glise !&#8220;<\/a><\/li><li><a href=\"https:\/\/diocese-lgf.ch\/wp-content\/uploads\/2019\/12\/Session_diocesaine_2019_temoignage_maria_helena_guedes.pdf\">Maria Helena Guedes, t\u00e9moignage<\/a><\/li><li><a href=\"https:\/\/diocese-lgf.ch\/wp-content\/uploads\/2019\/12\/Session_diocesaine_2019_temoignage_rossana_aloise.pdf\">Rossana Aloise, t\u00e9moignage<\/a><\/li><li>Thomas Staubli,\u00a0<a href=\"https:\/\/diocese-lgf.ch\/wp-content\/uploads\/2019\/12\/Session_diocesaine_2019_temoignage_t_staubli_f.pdf\">&#8222;Les r\u00e9fugi\u00e9s au centre de d\u00e9part&#8220;<\/a>\u00a0\/\u00a0<a href=\"https:\/\/diocese-lgf.ch\/wp-content\/uploads\/2019\/12\/Session_diocesaine_2019_temoignage_t_staubli_d.pdf\">&#8222;Fl\u00fcchtlinge im Ausreisezentrum&#8220;<\/a><\/li><li><a href=\"https:\/\/diocese-lgf.ch\/wp-content\/uploads\/2019\/12\/Session_diocesaine_2019_thomas_staubli_migration_hospitalite.pdf\">Thomas Staubli, &#8222;Migration &#8211; Hospitalit\u00e9&#8220;<\/a><\/li><li>Thomas Staubli,\u00a0<a href=\"https:\/\/diocese-lgf.ch\/wp-content\/uploads\/2019\/12\/Session_diocesaine_2019_thomas_staubli_hospitalite_mode_vie_chretien_f.pdf\">&#8222;L&#8217;hospitalit\u00e9 comme mode de vie chr\u00e9tien&#8220;<\/a>\u00a0\/\u00a0<a href=\"https:\/\/diocese-lgf.ch\/wp-content\/uploads\/2019\/12\/Session_diocesaine_2019_thomas_staubli_hospitalite_mode_vie_chretien_d.pdf\">&#8222;Gastfreundschaft als christliche Lebensweise&#8220;<\/a><\/li><li><a href=\"https:\/\/diocese-lgf.ch\/wp-content\/uploads\/2019\/12\/Session_diocesaine_2019_thomas_fries_liturgie.pdf\">Thomas Fries, Liturgie<\/a><\/li><\/ul>\t\t\t\t\t\t\t\t<\/div>\n\t\t\t\t<\/div>\n\t\t\t\t\t<\/div>\n\t\t<\/div>\n\t\t\t\t\t<\/div>\n\t\t<\/section>\n\t\t\t\t<\/div>\n\t\t<\/div>","protected":false},"excerpt":{"rendered":"<p>12.-14. November, Palexpo, Genf. Das Thema \u00abKirche ohne Grenzen\u00bb handelt von der Sendung der Kirche, die als Sakrament der Einheit alle kulturellen Grenzen ihrer Mitglieder \u00fcbersteigt. Flyer Fotos Communiqu\u00e9 Referate\/Zeugnisse: [&hellip;]<\/p>\n","protected":false},"author":7,"featured_media":0,"parent":0,"menu_order":0,"comment_status":"closed","ping_status":"closed","template":"","meta":{"_acf_changed":false,"footnotes":""},"categories":[],"tags":[],"class_list":["post-6377","page","type-page","status-publish","hentry"],"acf":[],"_links":{"self":[{"href":"https:\/\/diocese-lgf.ch\/de\/wp-json\/wp\/v2\/pages\/6377","targetHints":{"allow":["GET"]}}],"collection":[{"href":"https:\/\/diocese-lgf.ch\/de\/wp-json\/wp\/v2\/pages"}],"about":[{"href":"https:\/\/diocese-lgf.ch\/de\/wp-json\/wp\/v2\/types\/page"}],"author":[{"embeddable":true,"href":"https:\/\/diocese-lgf.ch\/de\/wp-json\/wp\/v2\/users\/7"}],"replies":[{"embeddable":true,"href":"https:\/\/diocese-lgf.ch\/de\/wp-json\/wp\/v2\/comments?post=6377"}],"version-history":[{"count":6,"href":"https:\/\/diocese-lgf.ch\/de\/wp-json\/wp\/v2\/pages\/6377\/revisions"}],"predecessor-version":[{"id":6392,"href":"https:\/\/diocese-lgf.ch\/de\/wp-json\/wp\/v2\/pages\/6377\/revisions\/6392"}],"wp:attachment":[{"href":"https:\/\/diocese-lgf.ch\/de\/wp-json\/wp\/v2\/media?parent=6377"}],"wp:term":[{"taxonomy":"category","embeddable":true,"href":"https:\/\/diocese-lgf.ch\/de\/wp-json\/wp\/v2\/categories?post=6377"},{"taxonomy":"post_tag","embeddable":true,"href":"https:\/\/diocese-lgf.ch\/de\/wp-json\/wp\/v2\/tags?post=6377"}],"curies":[{"name":"wp","href":"https:\/\/api.w.org\/{rel}","templated":true}]}}

Diözesane Weiterbildung 2019

<div class="pf-content">		<div data-elementor-type="wp-page" data-elementor-id="6377" class="elementor elementor-6377 elementor-3158" data-elementor-post-type="page">
						<section class="elementor-section elementor-top-section elementor-element elementor-element-132379d elementor-section-boxed elementor-section-height-default elementor-section-height-default" data-id="132379d" data-element_type="section" data-e-type="section">
						<div class="elementor-container elementor-column-gap-default">
					<div class="elementor-column elementor-col-100 elementor-top-column elementor-element elementor-element-927fb93" data-id="927fb93" data-element_type="column" data-e-type="column">
			<div class="elementor-widget-wrap elementor-element-populated">
						<div class="elementor-element elementor-element-8c0a143 elementor-widget elementor-widget-text-editor" data-id="8c0a143" data-element_type="widget" data-e-type="widget" data-widget_type="text-editor.default">
				<div class="elementor-widget-container">
									<p><img fetchpriority="high" decoding="async" class="size-full wp-image-6382 alignleft" src="https://diocese-lgf.ch/wp-content/uploads/2020/10/Session2019d.png" alt="" width="200" height="284" />12.-14. November, Palexpo, Genf.</p><p class="align-justify">Das Thema «Kirche ohne Grenzen» handelt von der Sendung der Kirche, die als Sakrament der Einheit alle kulturellen Grenzen ihrer Mitglieder übersteigt.</p><ul><li><a href="https://diocese-lgf.ch/wp-content/uploads/2020/10/Flyer_Session_diocesaine_2019_DE_web.pdf" target="_blank" rel="noopener">Flyer</a></li><li><a href="https://photos.app.goo.gl/1driQQsfqgLn9wDE9">Fotos</a></li><li><a href="https://diocese-lgf.ch/wp-content/uploads/2020/10/20191115_CP_session_diocesaine_2019_d.pdf" target="_blank" rel="noopener">Communiqué</a></li></ul>								</div>
				</div>
					</div>
		</div>
					</div>
		</section>
				<section class="elementor-section elementor-top-section elementor-element elementor-element-5739002 elementor-section-boxed elementor-section-height-default elementor-section-height-default" data-id="5739002" data-element_type="section" data-e-type="section">
						<div class="elementor-container elementor-column-gap-default">
					<div class="elementor-column elementor-col-100 elementor-top-column elementor-element elementor-element-7aaa17a" data-id="7aaa17a" data-element_type="column" data-e-type="column">
			<div class="elementor-widget-wrap elementor-element-populated">
						<div class="elementor-element elementor-element-0bb0521 elementor-widget elementor-widget-text-editor" data-id="0bb0521" data-element_type="widget" data-e-type="widget" data-widget_type="text-editor.default">
				<div class="elementor-widget-container">
									<p>Referate/Zeugnisse:</p><ul><li><a href="https://diocese-lgf.ch/wp-content/uploads/2019/12/Session_diocesaine_2019_chantal_reynier_etranger_exile_etrange_chretien.pdf">Chantal Reynier, &#8222;Etranger, exilé. Etrange chrétien ?&#8220;</a></li><li><a href="https://diocese-lgf.ch/wp-content/uploads/2019/12/Session_diocesaine_2019_jacques_rime_anecdotes_sur_la_migration.pdf">Jacques Rime, &#8222;Anecdotes sur la migration&#8220;</a></li><li><a href="https://diocese-lgf.ch/wp-content/uploads/2019/12/Session_diocesaine_2019_luca_marin_migrations_et_migrants_cles_lecture.pdf">Luca Marin, &#8222;Migrations et migrants : clé de lecture&#8220;</a></li><li><a href="https://diocese-lgf.ch/wp-content/uploads/2019/12/Session_diocesaine_2019_mh_robert_expose_interculturel.pdf">Marie-Hélène Robert, exposé sur l&#8217;interculturel</a></li><li><a href="https://diocese-lgf.ch/wp-content/uploads/2019/12/Session_diocesaine_2019_mh_robert_jeux_sur_interculturel.pdf">Marie-Hélène Robert, jeux sur l&#8217;interculturel</a></li><li><a href="https://diocese-lgf.ch/wp-content/uploads/2019/12/Session_diocesaine_2019_nicolas_glasson_ecclesiologie_de_communion.pdf">Nicolas Glasson, &#8222;Ecclésiologie de communion&#8220;</a></li><li><a href="https://diocese-lgf.ch/wp-content/uploads/2019/12/Session_diocesaine_2019_patrick_renz_etat_lieux_migration_en_suisse.pdf">Patrick Renz, &#8222;État des lieux de la migration en Suisse&#8220;</a></li><li><a href="https://diocese-lgf.ch/wp-content/uploads/2019/12/Session_diocesaine_2019_temoignage_bettina_gruber_fribourg_bilingue.pdf">Bettina Gruber, témoignage</a></li><li><a href="https://diocese-lgf.ch/wp-content/uploads/2019/12/Session_diocesaine_2019_temoignage_florian_joos.pdf">Florian Joos, &#8222;Deux langues, deux cultures &#8211; une seule Église !&#8220;</a></li><li><a href="https://diocese-lgf.ch/wp-content/uploads/2019/12/Session_diocesaine_2019_temoignage_maria_helena_guedes.pdf">Maria Helena Guedes, témoignage</a></li><li><a href="https://diocese-lgf.ch/wp-content/uploads/2019/12/Session_diocesaine_2019_temoignage_rossana_aloise.pdf">Rossana Aloise, témoignage</a></li><li>Thomas Staubli, <a href="https://diocese-lgf.ch/wp-content/uploads/2019/12/Session_diocesaine_2019_temoignage_t_staubli_f.pdf">&#8222;Les réfugiés au centre de départ&#8220;</a> / <a href="https://diocese-lgf.ch/wp-content/uploads/2019/12/Session_diocesaine_2019_temoignage_t_staubli_d.pdf">&#8222;Flüchtlinge im Ausreisezentrum&#8220;</a></li><li><a href="https://diocese-lgf.ch/wp-content/uploads/2019/12/Session_diocesaine_2019_thomas_staubli_migration_hospitalite.pdf">Thomas Staubli, &#8222;Migration &#8211; Hospitalité&#8220;</a></li><li>Thomas Staubli, <a href="https://diocese-lgf.ch/wp-content/uploads/2019/12/Session_diocesaine_2019_thomas_staubli_hospitalite_mode_vie_chretien_f.pdf">&#8222;L&#8217;hospitalité comme mode de vie chrétien&#8220;</a> / <a href="https://diocese-lgf.ch/wp-content/uploads/2019/12/Session_diocesaine_2019_thomas_staubli_hospitalite_mode_vie_chretien_d.pdf">&#8222;Gastfreundschaft als christliche Lebensweise&#8220;</a></li><li><a href="https://diocese-lgf.ch/wp-content/uploads/2019/12/Session_diocesaine_2019_thomas_fries_liturgie.pdf">Thomas Fries, Liturgie</a></li></ul>								</div>
				</div>
					</div>
		</div>
					</div>
		</section>
				</div>
		</div>

<p>12.-14. November, Palexpo, Genf. Das Thema «Kirche ohne Grenzen» handelt von der Sendung der Kirche, die als Sakrament der Einheit alle kulturellen Grenzen ihrer Mitglieder übersteigt. Flyer Fotos Communiqué Referate/Zeugnisse: [&hellip;]</p>
