{"id":20143,"date":"2024-04-26T13:29:43","date_gmt":"2024-04-26T11:29:43","guid":{"rendered":"https:\/\/diocese-lgf.emblematik.dev\/?page_id=20143"},"modified":"2024-08-16T17:12:27","modified_gmt":"2024-08-16T15:12:27","slug":"bischofsrat-staendige-diakonat","status":"publish","type":"page","link":"https:\/\/diocese-lgf.ch\/de\/bischofsrat-staendige-diakonat\/","title":{"rendered":"Bischofsrat St\u00e4ndige Diakonat"},"content":{"rendered":"<div class=\"pf-content\">\t\t<div data-elementor-type=\"wp-post\" data-elementor-id=\"20143\" class=\"elementor elementor-20143 elementor-20142\" data-elementor-post-type=\"page\">\n\t\t\t\t\t\t<section class=\"elementor-section elementor-top-section elementor-element elementor-element-4c42978 bloc-titre elementor-section-boxed elementor-section-height-default elementor-section-height-default\" data-id=\"4c42978\" data-element_type=\"section\" data-e-type=\"section\">\n\t\t\t\t\t\t<div class=\"elementor-container elementor-column-gap-default\">\n\t\t\t\t\t<div class=\"elementor-column elementor-col-100 elementor-top-column elementor-element elementor-element-a7bc494\" data-id=\"a7bc494\" data-element_type=\"column\" data-e-type=\"column\">\n\t\t\t<div class=\"elementor-widget-wrap elementor-element-populated\">\n\t\t\t\t\t\t<div class=\"elementor-element elementor-element-9b41188 elementor-widget elementor-widget-heading\" data-id=\"9b41188\" data-element_type=\"widget\" data-e-type=\"widget\" data-widget_type=\"heading.default\">\n\t\t\t\t<div class=\"elementor-widget-container\">\n\t\t\t\t\t<h2 class=\"elementor-heading-title elementor-size-default\">Mitgliederliste<\/h2>\t\t\t\t<\/div>\n\t\t\t\t<\/div>\n\t\t\t\t\t<\/div>\n\t\t<\/div>\n\t\t\t\t\t<\/div>\n\t\t<\/section>\n\t\t\t\t<section class=\"elementor-section elementor-top-section elementor-element elementor-element-8223a23 elementor-section-boxed elementor-section-height-default elementor-section-height-default\" data-id=\"8223a23\" data-element_type=\"section\" data-e-type=\"section\">\n\t\t\t\t\t\t<div class=\"elementor-container elementor-column-gap-default\">\n\t\t\t\t\t<div class=\"elementor-column elementor-col-100 elementor-top-column elementor-element elementor-element-3ba2b14\" data-id=\"3ba2b14\" data-element_type=\"column\" data-e-type=\"column\">\n\t\t\t<div class=\"elementor-widget-wrap elementor-element-populated\">\n\t\t\t\t\t\t<div class=\"elementor-element elementor-element-7c2d136 elementor-widget elementor-widget-text-editor\" data-id=\"7c2d136\" data-element_type=\"widget\" data-e-type=\"widget\" data-widget_type=\"text-editor.default\">\n\t\t\t\t<div class=\"elementor-widget-container\">\n\t\t\t\t\t\t\t\t\t<ul>\n<li>M. l\u2019abb\u00e9&nbsp;<a title=\"Nicolas Glasson\">Nicolas GLASSON&nbsp;<\/a>(responsable dioc\u00e9sain)<\/li>\n<li>M. Nicolas CARRON (diacre, responsable de la formation)<\/li>\n<li>Mme Claudine CERCHIA (\u00e9pouse de diacre)<\/li>\n<li>Sr Daniela ARDIZZONI (religieuse, VD)<\/li>\n<li>M. Jacques Noun SANOU (diacre, GE)<\/li>\n<li>M. Robert NZOBIHINDEMYI (diacre, FR)<\/li>\n<li>M. Stephan REMPE (diacre)<\/li>\n<li>M. Romuald BABEY (diacre, NE)<\/li>\n<li>M. Philippe Di Cu DO (diacre, responsable de la fraternit\u00e9 diaconale)<\/li>\n<\/ul>\t\t\t\t\t\t\t\t<\/div>\n\t\t\t\t<\/div>\n\t\t\t\t\t<\/div>\n\t\t<\/div>\n\t\t\t\t\t<\/div>\n\t\t<\/section>\n\t\t\t\t<\/div>\n\t\t<\/div>","protected":false},"excerpt":{"rendered":"<p>Mitgliederliste M. l\u2019abb\u00e9&nbsp;Nicolas GLASSON&nbsp;(responsable dioc\u00e9sain) M. Nicolas CARRON (diacre, responsable de la formation) Mme Claudine CERCHIA (\u00e9pouse de diacre) Sr Daniela ARDIZZONI (religieuse, VD) M. Jacques Noun SANOU (diacre, GE) [&hellip;]<\/p>\n","protected":false},"author":7,"featured_media":0,"parent":0,"menu_order":1,"comment_status":"closed","ping_status":"closed","template":"","meta":{"_acf_changed":false,"footnotes":""},"categories":[133,125],"tags":[],"class_list":["post-20143","page","type-page","status-publish","hentry","category-ccom-de","category-eveche-de"],"acf":[],"_links":{"self":[{"href":"https:\/\/diocese-lgf.ch\/de\/wp-json\/wp\/v2\/pages\/20143","targetHints":{"allow":["GET"]}}],"collection":[{"href":"https:\/\/diocese-lgf.ch\/de\/wp-json\/wp\/v2\/pages"}],"about":[{"href":"https:\/\/diocese-lgf.ch\/de\/wp-json\/wp\/v2\/types\/page"}],"author":[{"embeddable":true,"href":"https:\/\/diocese-lgf.ch\/de\/wp-json\/wp\/v2\/users\/7"}],"replies":[{"embeddable":true,"href":"https:\/\/diocese-lgf.ch\/de\/wp-json\/wp\/v2\/comments?post=20143"}],"version-history":[{"count":8,"href":"https:\/\/diocese-lgf.ch\/de\/wp-json\/wp\/v2\/pages\/20143\/revisions"}],"predecessor-version":[{"id":26884,"href":"https:\/\/diocese-lgf.ch\/de\/wp-json\/wp\/v2\/pages\/20143\/revisions\/26884"}],"wp:attachment":[{"href":"https:\/\/diocese-lgf.ch\/de\/wp-json\/wp\/v2\/media?parent=20143"}],"wp:term":[{"taxonomy":"category","embeddable":true,"href":"https:\/\/diocese-lgf.ch\/de\/wp-json\/wp\/v2\/categories?post=20143"},{"taxonomy":"post_tag","embeddable":true,"href":"https:\/\/diocese-lgf.ch\/de\/wp-json\/wp\/v2\/tags?post=20143"}],"curies":[{"name":"wp","href":"https:\/\/api.w.org\/{rel}","templated":true}]}}

Bischofsrat Ständige Diakonat

<div class="pf-content">		<div data-elementor-type="wp-post" data-elementor-id="20143" class="elementor elementor-20143 elementor-20142" data-elementor-post-type="page">
						<section class="elementor-section elementor-top-section elementor-element elementor-element-4c42978 bloc-titre elementor-section-boxed elementor-section-height-default elementor-section-height-default" data-id="4c42978" data-element_type="section" data-e-type="section">
						<div class="elementor-container elementor-column-gap-default">
					<div class="elementor-column elementor-col-100 elementor-top-column elementor-element elementor-element-a7bc494" data-id="a7bc494" data-element_type="column" data-e-type="column">
			<div class="elementor-widget-wrap elementor-element-populated">
						<div class="elementor-element elementor-element-9b41188 elementor-widget elementor-widget-heading" data-id="9b41188" data-element_type="widget" data-e-type="widget" data-widget_type="heading.default">
				<div class="elementor-widget-container">
					<h2 class="elementor-heading-title elementor-size-default">Mitgliederliste</h2>				</div>
				</div>
					</div>
		</div>
					</div>
		</section>
				<section class="elementor-section elementor-top-section elementor-element elementor-element-8223a23 elementor-section-boxed elementor-section-height-default elementor-section-height-default" data-id="8223a23" data-element_type="section" data-e-type="section">
						<div class="elementor-container elementor-column-gap-default">
					<div class="elementor-column elementor-col-100 elementor-top-column elementor-element elementor-element-3ba2b14" data-id="3ba2b14" data-element_type="column" data-e-type="column">
			<div class="elementor-widget-wrap elementor-element-populated">
						<div class="elementor-element elementor-element-7c2d136 elementor-widget elementor-widget-text-editor" data-id="7c2d136" data-element_type="widget" data-e-type="widget" data-widget_type="text-editor.default">
				<div class="elementor-widget-container">
									<ul>
<li>M. l’abbé&nbsp;<a title="Nicolas Glasson">Nicolas GLASSON&nbsp;</a>(responsable diocésain)</li>
<li>M. Nicolas CARRON (diacre, responsable de la formation)</li>
<li>Mme Claudine CERCHIA (épouse de diacre)</li>
<li>Sr Daniela ARDIZZONI (religieuse, VD)</li>
<li>M. Jacques Noun SANOU (diacre, GE)</li>
<li>M. Robert NZOBIHINDEMYI (diacre, FR)</li>
<li>M. Stephan REMPE (diacre)</li>
<li>M. Romuald BABEY (diacre, NE)</li>
<li>M. Philippe Di Cu DO (diacre, responsable de la fraternité diaconale)</li>
</ul>								</div>
				</div>
					</div>
		</div>
					</div>
		</section>
				</div>
		</div>

<p>Mitgliederliste M. l’abbé&nbsp;Nicolas GLASSON&nbsp;(responsable diocésain) M. Nicolas CARRON (diacre, responsable de la formation) Mme Claudine CERCHIA (épouse de diacre) Sr Daniela ARDIZZONI (religieuse, VD) M. Jacques Noun SANOU (diacre, GE) [&hellip;]</p>
