{"id":16543,"date":"2022-01-25T16:28:39","date_gmt":"2022-01-25T15:28:39","guid":{"rendered":"https:\/\/diocese-lgf.emblematik.dev\/?page_id=16543"},"modified":"2022-01-31T15:31:06","modified_gmt":"2022-01-31T14:31:06","slug":"synode-fuer-alle","status":"publish","type":"page","link":"https:\/\/diocese-lgf.ch\/de\/synode-fuer-alle\/","title":{"rendered":"Synode f\u00fcr alle"},"content":{"rendered":"<div class=\"pf-content\">\t\t<div data-elementor-type=\"wp-page\" data-elementor-id=\"16543\" class=\"elementor elementor-16543 elementor-16505\" data-elementor-post-type=\"page\">\n\t\t\t\t\t\t<section class=\"elementor-section elementor-top-section elementor-element elementor-element-539ef9f elementor-section-boxed elementor-section-height-default elementor-section-height-default\" data-id=\"539ef9f\" data-element_type=\"section\" data-e-type=\"section\">\n\t\t\t\t\t\t<div class=\"elementor-container elementor-column-gap-default\">\n\t\t\t\t\t<div class=\"elementor-column elementor-col-100 elementor-top-column elementor-element elementor-element-e09342d\" data-id=\"e09342d\" data-element_type=\"column\" data-e-type=\"column\">\n\t\t\t<div class=\"elementor-widget-wrap elementor-element-populated\">\n\t\t\t\t\t\t<div class=\"elementor-element elementor-element-89e739d elementor-widget elementor-widget-image\" data-id=\"89e739d\" data-element_type=\"widget\" data-e-type=\"widget\" data-widget_type=\"image.default\">\n\t\t\t\t<div class=\"elementor-widget-container\">\n\t\t\t\t\t\t\t\t\t\t\t\t\t\t\t<img fetchpriority=\"high\" decoding=\"async\" width=\"544\" height=\"618\" src=\"https:\/\/diocese-lgf.ch\/wp-content\/uploads\/2022\/01\/pape-synode-pour-tous-d.png\" class=\"attachment-large size-large wp-image-16609\" alt=\"\" srcset=\"https:\/\/diocese-lgf.ch\/wp-content\/uploads\/2022\/01\/pape-synode-pour-tous-d.png 544w, https:\/\/diocese-lgf.ch\/wp-content\/uploads\/2022\/01\/pape-synode-pour-tous-d-264x300.png 264w\" sizes=\"(max-width: 544px) 100vw, 544px\" \/>\t\t\t\t\t\t\t\t\t\t\t\t\t\t\t<\/div>\n\t\t\t\t<\/div>\n\t\t\t\t\t<\/div>\n\t\t<\/div>\n\t\t\t\t\t<\/div>\n\t\t<\/section>\n\t\t\t\t<section class=\"elementor-section elementor-top-section elementor-element elementor-element-c4bed79 elementor-section-boxed elementor-section-height-default elementor-section-height-default\" data-id=\"c4bed79\" data-element_type=\"section\" data-e-type=\"section\">\n\t\t\t\t\t\t<div class=\"elementor-container elementor-column-gap-default\">\n\t\t\t\t\t<div class=\"elementor-column elementor-col-100 elementor-top-column elementor-element elementor-element-0c603d2\" data-id=\"0c603d2\" data-element_type=\"column\" data-e-type=\"column\">\n\t\t\t<div class=\"elementor-widget-wrap elementor-element-populated\">\n\t\t\t\t\t\t<div class=\"elementor-element elementor-element-b86174e elementor-widget elementor-widget-text-editor\" data-id=\"b86174e\" data-element_type=\"widget\" data-e-type=\"widget\" data-widget_type=\"text-editor.default\">\n\t\t\t\t<div class=\"elementor-widget-container\">\n\t\t\t\t\t\t\t\t\t<p>Wir befinden uns in der Tat an einem Wendepunkt im Leben der katholischen Kirche, in einem Moment grosser Verletzlichkeit, der sie dazu einl\u00e4dt, sich dem Evangelium anzun\u00e4hern.<\/p>\n<p>Heute l\u00e4dt der Papst jeden und jede von uns ein, an einer breiten Reflexion teilzunehmen, um die katholische Kirche zu verbessern. Er appelliert an eine kollektive Intelligenz, zu der auch Sie geh\u00f6ren. Dies nennt man einen \u00ab synodalen Prozess \u00bb : Wir begeben uns gemeinsam auf den Weg, um L\u00f6sungen zu finden.<\/p>\n<p>Die Antworten werden gesammelt und anschliessend nach Rom weitergeleitet, wo sie zur Kenntnis genommen werden und zu einem weltweiten Treffen im Oktober 2023 (XVI. Ordentliche Generalversammlung der Bischofssynode) f\u00fchren werden.<\/p>\n<p>Sie k\u00f6nnen Ihre Vorschl\u00e4ge <strong>bis zum 15. Februar<\/strong> senden,<\/p>\n<ul>\n<li>mittels des <a href=\"https:\/\/docs.google.com\/forms\/d\/1DQ-dKX6p8aBxcmkTi5_I9JlfxteOtN41YnzDlAfn3x0\/viewform?edit_requested=true\" target=\"_blank\" rel=\"noopener\">Formulars<\/a><\/li>\n<\/ul>\n<div>ODER<\/div><div><br><\/div>\n<ul>\n<li>an <a href=\"mailto:synode@diocese-lgf.ch\">synode@diocese-lgf.ch<\/a>, unter Angabe Ihres:\n<ul>\n<li>Wohnort<\/li>\n<li>Geschlecht (m\u00e4nnlich, weiblich, andere)<\/li>\n<li>Alter<\/li>\n<li>Konfession<\/li>\n<li>Sprache<\/li>\n<li>ob Sie einen Migrationshintergrund haben oder nicht<\/li>\n<\/ul>\n<\/li>\n<\/ul>\n<p>ODER<\/p>\n<ul>\n<li>direkt nach Rom <strong>(nicht fristgerecht)<\/strong> : synodus@synod.va.<\/li>\n<\/ul>\n<p>Detailliertere Informationen (und eher f\u00fcr pastorale Mitarbeitende) auf <a href=\"https:\/\/diocese-lgf.ch\/de\/synode-2023\/\">https:\/\/diocese-lgf.ch\/de\/synode-2023\/<\/a><\/p>\t\t\t\t\t\t\t\t<\/div>\n\t\t\t\t<\/div>\n\t\t\t\t\t<\/div>\n\t\t<\/div>\n\t\t\t\t\t<\/div>\n\t\t<\/section>\n\t\t\t\t<\/div>\n\t\t<\/div>","protected":false},"excerpt":{"rendered":"<p>Wir befinden uns in der Tat an einem Wendepunkt im Leben der katholischen Kirche, in einem Moment grosser Verletzlichkeit, der sie dazu einl\u00e4dt, sich dem Evangelium anzun\u00e4hern. Heute l\u00e4dt der [&hellip;]<\/p>\n","protected":false},"author":4,"featured_media":0,"parent":0,"menu_order":0,"comment_status":"closed","ping_status":"closed","template":"","meta":{"_acf_changed":false,"footnotes":""},"categories":[],"tags":[],"class_list":["post-16543","page","type-page","status-publish","hentry"],"acf":[],"_links":{"self":[{"href":"https:\/\/diocese-lgf.ch\/de\/wp-json\/wp\/v2\/pages\/16543","targetHints":{"allow":["GET"]}}],"collection":[{"href":"https:\/\/diocese-lgf.ch\/de\/wp-json\/wp\/v2\/pages"}],"about":[{"href":"https:\/\/diocese-lgf.ch\/de\/wp-json\/wp\/v2\/types\/page"}],"author":[{"embeddable":true,"href":"https:\/\/diocese-lgf.ch\/de\/wp-json\/wp\/v2\/users\/4"}],"replies":[{"embeddable":true,"href":"https:\/\/diocese-lgf.ch\/de\/wp-json\/wp\/v2\/comments?post=16543"}],"version-history":[{"count":17,"href":"https:\/\/diocese-lgf.ch\/de\/wp-json\/wp\/v2\/pages\/16543\/revisions"}],"predecessor-version":[{"id":16735,"href":"https:\/\/diocese-lgf.ch\/de\/wp-json\/wp\/v2\/pages\/16543\/revisions\/16735"}],"wp:attachment":[{"href":"https:\/\/diocese-lgf.ch\/de\/wp-json\/wp\/v2\/media?parent=16543"}],"wp:term":[{"taxonomy":"category","embeddable":true,"href":"https:\/\/diocese-lgf.ch\/de\/wp-json\/wp\/v2\/categories?post=16543"},{"taxonomy":"post_tag","embeddable":true,"href":"https:\/\/diocese-lgf.ch\/de\/wp-json\/wp\/v2\/tags?post=16543"}],"curies":[{"name":"wp","href":"https:\/\/api.w.org\/{rel}","templated":true}]}}

Synode für alle

<div class="pf-content">		<div data-elementor-type="wp-page" data-elementor-id="16543" class="elementor elementor-16543 elementor-16505" data-elementor-post-type="page">
						<section class="elementor-section elementor-top-section elementor-element elementor-element-539ef9f elementor-section-boxed elementor-section-height-default elementor-section-height-default" data-id="539ef9f" data-element_type="section" data-e-type="section">
						<div class="elementor-container elementor-column-gap-default">
					<div class="elementor-column elementor-col-100 elementor-top-column elementor-element elementor-element-e09342d" data-id="e09342d" data-element_type="column" data-e-type="column">
			<div class="elementor-widget-wrap elementor-element-populated">
						<div class="elementor-element elementor-element-89e739d elementor-widget elementor-widget-image" data-id="89e739d" data-element_type="widget" data-e-type="widget" data-widget_type="image.default">
				<div class="elementor-widget-container">
															<img fetchpriority="high" decoding="async" width="544" height="618" src="https://diocese-lgf.ch/wp-content/uploads/2022/01/pape-synode-pour-tous-d.png" class="attachment-large size-large wp-image-16609" alt="" srcset="https://diocese-lgf.ch/wp-content/uploads/2022/01/pape-synode-pour-tous-d.png 544w, https://diocese-lgf.ch/wp-content/uploads/2022/01/pape-synode-pour-tous-d-264x300.png 264w" sizes="(max-width: 544px) 100vw, 544px" />															</div>
				</div>
					</div>
		</div>
					</div>
		</section>
				<section class="elementor-section elementor-top-section elementor-element elementor-element-c4bed79 elementor-section-boxed elementor-section-height-default elementor-section-height-default" data-id="c4bed79" data-element_type="section" data-e-type="section">
						<div class="elementor-container elementor-column-gap-default">
					<div class="elementor-column elementor-col-100 elementor-top-column elementor-element elementor-element-0c603d2" data-id="0c603d2" data-element_type="column" data-e-type="column">
			<div class="elementor-widget-wrap elementor-element-populated">
						<div class="elementor-element elementor-element-b86174e elementor-widget elementor-widget-text-editor" data-id="b86174e" data-element_type="widget" data-e-type="widget" data-widget_type="text-editor.default">
				<div class="elementor-widget-container">
									<p>Wir befinden uns in der Tat an einem Wendepunkt im Leben der katholischen Kirche, in einem Moment grosser Verletzlichkeit, der sie dazu einlädt, sich dem Evangelium anzunähern.</p>
<p>Heute lädt der Papst jeden und jede von uns ein, an einer breiten Reflexion teilzunehmen, um die katholische Kirche zu verbessern. Er appelliert an eine kollektive Intelligenz, zu der auch Sie gehören. Dies nennt man einen « synodalen Prozess » : Wir begeben uns gemeinsam auf den Weg, um Lösungen zu finden.</p>
<p>Die Antworten werden gesammelt und anschliessend nach Rom weitergeleitet, wo sie zur Kenntnis genommen werden und zu einem weltweiten Treffen im Oktober 2023 (XVI. Ordentliche Generalversammlung der Bischofssynode) führen werden.</p>
<p>Sie können Ihre Vorschläge <strong>bis zum 15. Februar</strong> senden,</p>
<ul>
<li>mittels des <a href="https://docs.google.com/forms/d/1DQ-dKX6p8aBxcmkTi5_I9JlfxteOtN41YnzDlAfn3x0/viewform?edit_requested=true" target="_blank" rel="noopener">Formulars</a></li>
</ul>
<div>ODER</div><div><br></div>
<ul>
<li>an <a href="mailto:synode@diocese-lgf.ch">synode@diocese-lgf.ch</a>, unter Angabe Ihres:
<ul>
<li>Wohnort</li>
<li>Geschlecht (männlich, weiblich, andere)</li>
<li>Alter</li>
<li>Konfession</li>
<li>Sprache</li>
<li>ob Sie einen Migrationshintergrund haben oder nicht</li>
</ul>
</li>
</ul>
<p>ODER</p>
<ul>
<li>direkt nach Rom <strong>(nicht fristgerecht)</strong> : synodus@synod.va.</li>
</ul>
<p>Detailliertere Informationen (und eher für pastorale Mitarbeitende) auf <a href="https://diocese-lgf.ch/de/synode-2023/">https://diocese-lgf.ch/de/synode-2023/</a></p>								</div>
				</div>
					</div>
		</div>
					</div>
		</section>
				</div>
		</div>

<p>Wir befinden uns in der Tat an einem Wendepunkt im Leben der katholischen Kirche, in einem Moment grosser Verletzlichkeit, der sie dazu einlädt, sich dem Evangelium anzunähern. Heute lädt der [&hellip;]</p>
