{"id":11440,"date":"2021-03-09T17:45:29","date_gmt":"2021-03-09T16:45:29","guid":{"rendered":"https:\/\/diocese-lgf.emblematik.dev\/fastenzeit-und-karwoche\/"},"modified":"2021-03-11T10:16:38","modified_gmt":"2021-03-11T09:16:38","slug":"fastenzeit-und-karwoche","status":"publish","type":"page","link":"https:\/\/diocese-lgf.ch\/de\/fastenzeit-und-karwoche\/","title":{"rendered":"Fastenzeit und Karwoche"},"content":{"rendered":"<div class=\"pf-content\">\t\t<div data-elementor-type=\"wp-page\" data-elementor-id=\"11440\" class=\"elementor elementor-11440 elementor-11145\" data-elementor-post-type=\"page\">\n\t\t\t\t\t\t<section class=\"elementor-section elementor-top-section elementor-element elementor-element-3ad46d8 elementor-section-boxed elementor-section-height-default elementor-section-height-default\" data-id=\"3ad46d8\" data-element_type=\"section\" data-e-type=\"section\">\n\t\t\t\t\t\t<div class=\"elementor-container elementor-column-gap-default\">\n\t\t\t\t\t<div class=\"elementor-column elementor-col-100 elementor-top-column elementor-element elementor-element-a83f053\" data-id=\"a83f053\" data-element_type=\"column\" data-e-type=\"column\">\n\t\t\t<div class=\"elementor-widget-wrap elementor-element-populated\">\n\t\t\t\t\t\t<div class=\"elementor-element elementor-element-2fe2fe8 elementor-widget elementor-widget-image\" data-id=\"2fe2fe8\" data-element_type=\"widget\" data-e-type=\"widget\" data-widget_type=\"image.default\">\n\t\t\t\t<div class=\"elementor-widget-container\">\n\t\t\t\t\t\t\t\t\t\t\t\t\t\t\t<img fetchpriority=\"high\" decoding=\"async\" width=\"1024\" height=\"683\" src=\"https:\/\/diocese-lgf.ch\/wp-content\/uploads\/2021\/02\/croix-1024x683.jpg\" class=\"attachment-large size-large wp-image-11170\" alt=\"\" srcset=\"https:\/\/diocese-lgf.ch\/wp-content\/uploads\/2021\/02\/croix-1024x683.jpg 1024w, https:\/\/diocese-lgf.ch\/wp-content\/uploads\/2021\/02\/croix-300x200.jpg 300w, https:\/\/diocese-lgf.ch\/wp-content\/uploads\/2021\/02\/croix-768x512.jpg 768w, https:\/\/diocese-lgf.ch\/wp-content\/uploads\/2021\/02\/croix-1536x1024.jpg 1536w, https:\/\/diocese-lgf.ch\/wp-content\/uploads\/2021\/02\/croix-2048x1365.jpg 2048w\" sizes=\"(max-width: 1024px) 100vw, 1024px\" \/>\t\t\t\t\t\t\t\t\t\t\t\t\t\t\t<\/div>\n\t\t\t\t<\/div>\n\t\t\t\t<div class=\"elementor-element elementor-element-5024d18 elementor-widget elementor-widget-text-editor\" data-id=\"5024d18\" data-element_type=\"widget\" data-e-type=\"widget\" data-widget_type=\"text-editor.default\">\n\t\t\t\t<div class=\"elementor-widget-container\">\n\t\t\t\t\t\t\t\t\t<p><em>Auf unserer Sonderseite finden Sie alle Veranstaltungen, die in dieser Zeit im Bistum LGF stattfinden. Wenn Sie eine Ver\u00f6ffentlichung w\u00fcnschen, teilen Sie uns Ihre Initiativen, Aktionen, Highlights, Vorschl\u00e4ge usw. mit, indem Sie eine E-Mail an <\/em><em><a href=\"info@diocese-lgf.ch%20%20%20\">info@diocese-lgf.ch <\/a><\/em><em>\u00a0senden.<\/em><\/p>\n\t\t\t\t\t\t\t\t<\/div>\n\t\t\t\t<\/div>\n\t\t\t\t\t<\/div>\n\t\t<\/div>\n\t\t\t\t\t<\/div>\n\t\t<\/section>\n\t\t\t\t<section class=\"elementor-section elementor-top-section elementor-element elementor-element-e28b5ea elementor-section-boxed elementor-section-height-default elementor-section-height-default\" data-id=\"e28b5ea\" data-element_type=\"section\" data-e-type=\"section\">\n\t\t\t\t\t\t<div class=\"elementor-container elementor-column-gap-default\">\n\t\t\t\t\t<div class=\"elementor-column elementor-col-100 elementor-top-column elementor-element elementor-element-98e4060\" data-id=\"98e4060\" data-element_type=\"column\" data-e-type=\"column\">\n\t\t\t<div class=\"elementor-widget-wrap elementor-element-populated\">\n\t\t\t\t\t\t<div class=\"elementor-element elementor-element-86f6408 elementor-widget elementor-widget-heading\" data-id=\"86f6408\" data-element_type=\"widget\" data-e-type=\"widget\" data-widget_type=\"heading.default\">\n\t\t\t\t<div class=\"elementor-widget-container\">\n\t\t\t\t\t<h2 class=\"elementor-heading-title elementor-size-default\">Einige Initiativen<\/h2>\t\t\t\t<\/div>\n\t\t\t\t<\/div>\n\t\t\t\t\t<\/div>\n\t\t<\/div>\n\t\t\t\t\t<\/div>\n\t\t<\/section>\n\t\t\t\t<section class=\"elementor-section elementor-top-section elementor-element elementor-element-07aa655 elementor-section-boxed elementor-section-height-default elementor-section-height-default\" data-id=\"07aa655\" data-element_type=\"section\" data-e-type=\"section\">\n\t\t\t\t\t\t<div class=\"elementor-container elementor-column-gap-default\">\n\t\t\t\t\t<div class=\"elementor-column elementor-col-100 elementor-top-column elementor-element elementor-element-efe603b\" data-id=\"efe603b\" data-element_type=\"column\" data-e-type=\"column\">\n\t\t\t<div class=\"elementor-widget-wrap elementor-element-populated\">\n\t\t\t\t\t\t<div class=\"elementor-element elementor-element-513eab7 elementor-widget elementor-widget-text-editor\" data-id=\"513eab7\" data-element_type=\"widget\" data-e-type=\"widget\" data-widget_type=\"text-editor.default\">\n\t\t\t\t<div class=\"elementor-widget-container\">\n\t\t\t\t\t\t\t\t\t<p><em><a href=\"https:\/\/diocese-lgf.ch\/wp-content\/uploads\/2021\/03\/20210309_flyer_soupe_care\u0302me_.pdf\">Fastensuppe<\/a> zum Mitnehmen in Freiburg, an folgenden Dienstagen : 16., 23. und 30. M\u00e4rz.<\/em><\/p>\n\n<p><em>\u201cKlimagerechtigkeit \u2013 jetzt !\u201d, so lautet das Thema der \u00d6kumenischen Fastenkampagne 2021, die bis zum 4. April dauert. Agenda, Aktionen, Thementage, Dokumente zum Download auf der <a href=\"https:\/\/sehen-und-handeln.ch\/?_ga=2.73439188.793627857.1615303284-872023496.1615303284\">Webseite der Kampagne<\/a>.<\/em><\/p>\t\t\t\t\t\t\t\t<\/div>\n\t\t\t\t<\/div>\n\t\t\t\t\t<\/div>\n\t\t<\/div>\n\t\t\t\t\t<\/div>\n\t\t<\/section>\n\t\t\t\t<\/div>\n\t\t<\/div>","protected":false},"excerpt":{"rendered":"<p>Auf unserer Sonderseite finden Sie alle Veranstaltungen, die in dieser Zeit im Bistum LGF stattfinden. Wenn Sie eine Ver\u00f6ffentlichung w\u00fcnschen, teilen Sie uns Ihre Initiativen, Aktionen, Highlights, Vorschl\u00e4ge usw. mit, [&hellip;]<\/p>\n","protected":false},"author":7,"featured_media":11170,"parent":0,"menu_order":0,"comment_status":"closed","ping_status":"closed","template":"","meta":{"_acf_changed":false,"footnotes":""},"categories":[41,16],"tags":[],"class_list":["post-11440","page","type-page","status-publish","has-post-thumbnail","hentry","category-aktualitat","category-homepage-de"],"acf":[],"_links":{"self":[{"href":"https:\/\/diocese-lgf.ch\/de\/wp-json\/wp\/v2\/pages\/11440","targetHints":{"allow":["GET"]}}],"collection":[{"href":"https:\/\/diocese-lgf.ch\/de\/wp-json\/wp\/v2\/pages"}],"about":[{"href":"https:\/\/diocese-lgf.ch\/de\/wp-json\/wp\/v2\/types\/page"}],"author":[{"embeddable":true,"href":"https:\/\/diocese-lgf.ch\/de\/wp-json\/wp\/v2\/users\/7"}],"replies":[{"embeddable":true,"href":"https:\/\/diocese-lgf.ch\/de\/wp-json\/wp\/v2\/comments?post=11440"}],"version-history":[{"count":4,"href":"https:\/\/diocese-lgf.ch\/de\/wp-json\/wp\/v2\/pages\/11440\/revisions"}],"predecessor-version":[{"id":11444,"href":"https:\/\/diocese-lgf.ch\/de\/wp-json\/wp\/v2\/pages\/11440\/revisions\/11444"}],"wp:featuredmedia":[{"embeddable":true,"href":"https:\/\/diocese-lgf.ch\/de\/wp-json\/wp\/v2\/media\/11170"}],"wp:attachment":[{"href":"https:\/\/diocese-lgf.ch\/de\/wp-json\/wp\/v2\/media?parent=11440"}],"wp:term":[{"taxonomy":"category","embeddable":true,"href":"https:\/\/diocese-lgf.ch\/de\/wp-json\/wp\/v2\/categories?post=11440"},{"taxonomy":"post_tag","embeddable":true,"href":"https:\/\/diocese-lgf.ch\/de\/wp-json\/wp\/v2\/tags?post=11440"}],"curies":[{"name":"wp","href":"https:\/\/api.w.org\/{rel}","templated":true}]}}

<div class="pf-content">		<div data-elementor-type="wp-page" data-elementor-id="11440" class="elementor elementor-11440 elementor-11145" data-elementor-post-type="page">
						<section class="elementor-section elementor-top-section elementor-element elementor-element-3ad46d8 elementor-section-boxed elementor-section-height-default elementor-section-height-default" data-id="3ad46d8" data-element_type="section" data-e-type="section">
						<div class="elementor-container elementor-column-gap-default">
					<div class="elementor-column elementor-col-100 elementor-top-column elementor-element elementor-element-a83f053" data-id="a83f053" data-element_type="column" data-e-type="column">
			<div class="elementor-widget-wrap elementor-element-populated">
						<div class="elementor-element elementor-element-2fe2fe8 elementor-widget elementor-widget-image" data-id="2fe2fe8" data-element_type="widget" data-e-type="widget" data-widget_type="image.default">
				<div class="elementor-widget-container">
															<img fetchpriority="high" decoding="async" width="1024" height="683" src="https://diocese-lgf.ch/wp-content/uploads/2021/02/croix-1024x683.jpg" class="attachment-large size-large wp-image-11170" alt="" srcset="https://diocese-lgf.ch/wp-content/uploads/2021/02/croix-1024x683.jpg 1024w, https://diocese-lgf.ch/wp-content/uploads/2021/02/croix-300x200.jpg 300w, https://diocese-lgf.ch/wp-content/uploads/2021/02/croix-768x512.jpg 768w, https://diocese-lgf.ch/wp-content/uploads/2021/02/croix-1536x1024.jpg 1536w, https://diocese-lgf.ch/wp-content/uploads/2021/02/croix-2048x1365.jpg 2048w" sizes="(max-width: 1024px) 100vw, 1024px" />															</div>
				</div>
				<div class="elementor-element elementor-element-5024d18 elementor-widget elementor-widget-text-editor" data-id="5024d18" data-element_type="widget" data-e-type="widget" data-widget_type="text-editor.default">
				<div class="elementor-widget-container">
									<p><em>Auf unserer Sonderseite finden Sie alle Veranstaltungen, die in dieser Zeit im Bistum LGF stattfinden. Wenn Sie eine Veröffentlichung wünschen, teilen Sie uns Ihre Initiativen, Aktionen, Highlights, Vorschläge usw. mit, indem Sie eine E-Mail an </em><em><a href="info@diocese-lgf.ch%20%20%20">info@diocese-lgf.ch </a></em><em> senden.</em></p>
								</div>
				</div>
					</div>
		</div>
					</div>
		</section>
				<section class="elementor-section elementor-top-section elementor-element elementor-element-e28b5ea elementor-section-boxed elementor-section-height-default elementor-section-height-default" data-id="e28b5ea" data-element_type="section" data-e-type="section">
						<div class="elementor-container elementor-column-gap-default">
					<div class="elementor-column elementor-col-100 elementor-top-column elementor-element elementor-element-98e4060" data-id="98e4060" data-element_type="column" data-e-type="column">
			<div class="elementor-widget-wrap elementor-element-populated">
						<div class="elementor-element elementor-element-86f6408 elementor-widget elementor-widget-heading" data-id="86f6408" data-element_type="widget" data-e-type="widget" data-widget_type="heading.default">
				<div class="elementor-widget-container">
					<h2 class="elementor-heading-title elementor-size-default">Einige Initiativen</h2>				</div>
				</div>
					</div>
		</div>
					</div>
		</section>
				<section class="elementor-section elementor-top-section elementor-element elementor-element-07aa655 elementor-section-boxed elementor-section-height-default elementor-section-height-default" data-id="07aa655" data-element_type="section" data-e-type="section">
						<div class="elementor-container elementor-column-gap-default">
					<div class="elementor-column elementor-col-100 elementor-top-column elementor-element elementor-element-efe603b" data-id="efe603b" data-element_type="column" data-e-type="column">
			<div class="elementor-widget-wrap elementor-element-populated">
						<div class="elementor-element elementor-element-513eab7 elementor-widget elementor-widget-text-editor" data-id="513eab7" data-element_type="widget" data-e-type="widget" data-widget_type="text-editor.default">
				<div class="elementor-widget-container">
									<p><em><a href="https://diocese-lgf.ch/wp-content/uploads/2021/03/20210309_flyer_soupe_carême_.pdf">Fastensuppe</a> zum Mitnehmen in Freiburg, an folgenden Dienstagen : 16., 23. und 30. März.</em></p>

<p><em>“Klimagerechtigkeit – jetzt !”, so lautet das Thema der Ökumenischen Fastenkampagne 2021, die bis zum 4. April dauert. Agenda, Aktionen, Thementage, Dokumente zum Download auf der <a href="https://sehen-und-handeln.ch/?_ga=2.73439188.793627857.1615303284-872023496.1615303284">Webseite der Kampagne</a>.</em></p>								</div>
				</div>
					</div>
		</div>
					</div>
		</section>
				</div>
		</div>

<p>Auf unserer Sonderseite finden Sie alle Veranstaltungen, die in dieser Zeit im Bistum LGF stattfinden. Wenn Sie eine Veröffentlichung wünschen, teilen Sie uns Ihre Initiativen, Aktionen, Highlights, Vorschläge usw. mit, [&hellip;]</p>
