{"id":9255,"date":"2020-12-15T10:31:12","date_gmt":"2020-12-15T09:31:12","guid":{"rendered":"https:\/\/diocese-lgf.emblematik.dev\/helpie_faq\/welche-sanitaeren-massnahmen-muessen-bei-oeffentlichen-gottesdiensten-befolgt-werden\/"},"modified":"2022-01-25T18:12:23","modified_gmt":"2022-01-25T17:12:23","slug":"welche-sanitaeren-massnahmen-muessen-bei-oeffentlichen-gottesdiensten-befolgt-werden","status":"publish","type":"helpie_faq","link":"https:\/\/diocese-lgf.ch\/de\/helpie_faq\/welche-sanitaeren-massnahmen-muessen-bei-oeffentlichen-gottesdiensten-befolgt-werden\/","title":{"rendered":"Welche sanit\u00e4ren Massnahmen m\u00fcssen bei \u00f6ffentlichen Gottesdiensten befolgt werden?"},"content":{"rendered":"<div class=\"pf-content\">\n<p><strong>Drinnen, ohne Covid-Zertifikat :<\/strong><\/p>\n\n\n\n<ol class=\"wp-block-list\"><li>Die maximale Anzahl der Teilnehmenden betr\u00e4gt 50 Personen.<\/li><li>Es besteht die Pflicht zum Tragen einer Gesichtsmaske und zum bestm\u00f6glichen Einhalten des erforderlichen Abstandes von 1,5 Metern zwischen den Personen.<\/li><li>Es d\u00fcrfen keine Speisen und Getr\u00e4nke konsumiert werden (davon nicht erfasst ist die Heilige Kommunion).<\/li><\/ol>\n\n\n\n<p><em>(Art. 14a Abs. 2 COVID-19-Verordnung besondere Lage vom 23.6.2021, \u00c4nderung vom 8.9.2021)<\/em><\/p>\n\n\n\n<p><strong>Drinnen, mit Covid-Zertifikat 2G :<\/strong><\/p>\n\n\n\n<ol class=\"wp-block-list\"><li>Es besteht die Pflicht zum Tragen einer Gesichtsmaske<\/li><li>Solange die Veranstaltung nicht mehr als 1000 Personen umfasst, besteht keine weitere Voraussetzung zur Durchf\u00fchrung als die Pflicht zur Erarbeitung eines vereinfachten Schutzkonzepts, das Massnahmen zur Hygiene und zur Umsetzung der Zugangsbeschr\u00e4nkung enthalten muss. Au\u00dfer in Genf, wo das Tragen einer Maske obligatorisch ist.<\/li><\/ol>\n\n\n\n<p><em>(Art. 15 Abs. 1 i. V. m. Art. 10 Abs. 3 und Anhang 1, Ziff. 1.2 und 2 COVID-19-Verordnung besondere Lage vom 23.6.2021)<\/em><\/p>\n\n\n\n<p><strong>Draussen, ohne Covid-Zertifikat :<\/strong><\/p>\n\n\n\n<ol class=\"wp-block-list\"><li>Die maximale Anzahl der Teilnehmenden betr\u00e4gt 300 Personen (sitzend oder stehend)<\/li><li>Es gilt ein Tanzverbot.<\/li><\/ol>\n\n\n\n<p><em>(Art. 14 Abs. 1 COVID-19-Verordnung besondere Lage vom 23.6.2021, \u00c4nderung vom 8.9.2021)<\/em><\/p>\n\n\n\n<p><strong>Draussen, mit Covid-Zertifikat :<\/strong><\/p>\n\n\n\n<p>Solange die Veranstaltung nicht mehr als 1000 Personen umfasst, besteht keine weitere Voraussetzung zur Durchf\u00fchrung als die Pflicht zur Erarbeitung eines vereinfachten Schutzkonzepts, das Massnahmen zur Hygiene und zur Umsetzung der Zugangsbeschr\u00e4nkung enthalten muss.<\/p>\n\n\n\n<p><em>(Art. 15 Abs. 1bis i. V. m. Art. 10 Abs. 3 und Anhang 1, Ziff. 1.2 und 2 COVID-19-Verordnung besondere Lage vom 23.6.2021)<\/em><\/p>\n<\/div>","protected":false},"excerpt":{"rendered":"<p>Drinnen, ohne Covid-Zertifikat : Die maximale Anzahl der Teilnehmenden betr\u00e4gt 50 Personen. Es besteht die Pflicht zum Tragen einer Gesichtsmaske und zum bestm\u00f6glichen Einhalten des erforderlichen Abstandes von 1,5 Metern [&hellip;]<\/p>\n","protected":false},"author":7,"featured_media":0,"menu_order":3,"comment_status":"closed","ping_status":"closed","template":"","format":"standard","meta":{"_acf_changed":false,"footnotes":""},"helpie_faq_category":[160],"helpie_faq_group":[],"class_list":["post-9255","helpie_faq","type-helpie_faq","status-publish","format-standard","hentry","helpie_faq_category-covid-de"],"acf":[],"_links":{"self":[{"href":"https:\/\/diocese-lgf.ch\/de\/wp-json\/wp\/v2\/helpie_faq\/9255","targetHints":{"allow":["GET"]}}],"collection":[{"href":"https:\/\/diocese-lgf.ch\/de\/wp-json\/wp\/v2\/helpie_faq"}],"about":[{"href":"https:\/\/diocese-lgf.ch\/de\/wp-json\/wp\/v2\/types\/helpie_faq"}],"author":[{"embeddable":true,"href":"https:\/\/diocese-lgf.ch\/de\/wp-json\/wp\/v2\/users\/7"}],"replies":[{"embeddable":true,"href":"https:\/\/diocese-lgf.ch\/de\/wp-json\/wp\/v2\/comments?post=9255"}],"version-history":[{"count":8,"href":"https:\/\/diocese-lgf.ch\/de\/wp-json\/wp\/v2\/helpie_faq\/9255\/revisions"}],"predecessor-version":[{"id":16559,"href":"https:\/\/diocese-lgf.ch\/de\/wp-json\/wp\/v2\/helpie_faq\/9255\/revisions\/16559"}],"wp:attachment":[{"href":"https:\/\/diocese-lgf.ch\/de\/wp-json\/wp\/v2\/media?parent=9255"}],"wp:term":[{"taxonomy":"helpie_faq_category","embeddable":true,"href":"https:\/\/diocese-lgf.ch\/de\/wp-json\/wp\/v2\/helpie_faq_category?post=9255"},{"taxonomy":"helpie_faq_group","embeddable":true,"href":"https:\/\/diocese-lgf.ch\/de\/wp-json\/wp\/v2\/helpie_faq_group?post=9255"}],"curies":[{"name":"wp","href":"https:\/\/api.w.org\/{rel}","templated":true}]}}

Welche sanitären Massnahmen müssen bei öffentlichen Gottesdiensten befolgt werden?

<div class="pf-content">
<p><strong>Drinnen, ohne Covid-Zertifikat :</strong></p>



<ol class="wp-block-list"><li>Die maximale Anzahl der Teilnehmenden beträgt 50 Personen.</li><li>Es besteht die Pflicht zum Tragen einer Gesichtsmaske und zum bestmöglichen Einhalten des erforderlichen Abstandes von 1,5 Metern zwischen den Personen.</li><li>Es dürfen keine Speisen und Getränke konsumiert werden (davon nicht erfasst ist die Heilige Kommunion).</li></ol>



<p><em>(Art. 14a Abs. 2 COVID-19-Verordnung besondere Lage vom 23.6.2021, Änderung vom 8.9.2021)</em></p>



<p><strong>Drinnen, mit Covid-Zertifikat 2G :</strong></p>



<ol class="wp-block-list"><li>Es besteht die Pflicht zum Tragen einer Gesichtsmaske</li><li>Solange die Veranstaltung nicht mehr als 1000 Personen umfasst, besteht keine weitere Voraussetzung zur Durchführung als die Pflicht zur Erarbeitung eines vereinfachten Schutzkonzepts, das Massnahmen zur Hygiene und zur Umsetzung der Zugangsbeschränkung enthalten muss. Außer in Genf, wo das Tragen einer Maske obligatorisch ist.</li></ol>



<p><em>(Art. 15 Abs. 1 i. V. m. Art. 10 Abs. 3 und Anhang 1, Ziff. 1.2 und 2 COVID-19-Verordnung besondere Lage vom 23.6.2021)</em></p>



<p><strong>Draussen, ohne Covid-Zertifikat :</strong></p>



<ol class="wp-block-list"><li>Die maximale Anzahl der Teilnehmenden beträgt 300 Personen (sitzend oder stehend)</li><li>Es gilt ein Tanzverbot.</li></ol>



<p><em>(Art. 14 Abs. 1 COVID-19-Verordnung besondere Lage vom 23.6.2021, Änderung vom 8.9.2021)</em></p>



<p><strong>Draussen, mit Covid-Zertifikat :</strong></p>



<p>Solange die Veranstaltung nicht mehr als 1000 Personen umfasst, besteht keine weitere Voraussetzung zur Durchführung als die Pflicht zur Erarbeitung eines vereinfachten Schutzkonzepts, das Massnahmen zur Hygiene und zur Umsetzung der Zugangsbeschränkung enthalten muss.</p>



<p><em>(Art. 15 Abs. 1bis i. V. m. Art. 10 Abs. 3 und Anhang 1, Ziff. 1.2 und 2 COVID-19-Verordnung besondere Lage vom 23.6.2021)</em></p>
</div>

<p>Drinnen, ohne Covid-Zertifikat : Die maximale Anzahl der Teilnehmenden beträgt 50 Personen. Es besteht die Pflicht zum Tragen einer Gesichtsmaske und zum bestmöglichen Einhalten des erforderlichen Abstandes von 1,5 Metern [&hellip;]</p>
