{"id":4964,"date":"2020-07-28T15:15:18","date_gmt":"2020-07-28T13:15:18","guid":{"rendered":"https:\/\/diocese-lgf.emblematik.dev\/?post_type=glossary&#038;p=4964"},"modified":"2020-07-28T15:15:18","modified_gmt":"2020-07-28T13:15:18","slug":"priere","status":"publish","type":"glossary","link":"https:\/\/diocese-lgf.ch\/de\/glossary\/priere\/","title":{"rendered":"Pri\u00e8re"},"content":{"rendered":"<div class=\"pf-content\"><p>Acte personnel ou communautaire consistant \u00e0 s&#8217;adresser \u00e0 Dieu \u00e0 une divinit\u00e9 pour rendre gr\u00e2ce, interc\u00e9der ou demander pardon.<\/p>\n<\/div>","protected":false},"excerpt":{"rendered":"<p>Acte personnel ou communautaire consistant \u00e0 s&#8217;adresser \u00e0 Dieu \u00e0 une divinit\u00e9 pour rendre gr\u00e2ce, interc\u00e9der ou demander pardon.<\/p>\n","protected":false},"author":7,"featured_media":0,"parent":0,"template":"","glossary-cat":[96],"class_list":["post-4964","glossary","type-glossary","status-publish","hentry","glossary-cat-p"],"acf":[],"_links":{"self":[{"href":"https:\/\/diocese-lgf.ch\/de\/wp-json\/wp\/v2\/glossary\/4964","targetHints":{"allow":["GET"]}}],"collection":[{"href":"https:\/\/diocese-lgf.ch\/de\/wp-json\/wp\/v2\/glossary"}],"about":[{"href":"https:\/\/diocese-lgf.ch\/de\/wp-json\/wp\/v2\/types\/glossary"}],"author":[{"embeddable":true,"href":"https:\/\/diocese-lgf.ch\/de\/wp-json\/wp\/v2\/users\/7"}],"version-history":[{"count":1,"href":"https:\/\/diocese-lgf.ch\/de\/wp-json\/wp\/v2\/glossary\/4964\/revisions"}],"predecessor-version":[{"id":4965,"href":"https:\/\/diocese-lgf.ch\/de\/wp-json\/wp\/v2\/glossary\/4964\/revisions\/4965"}],"wp:attachment":[{"href":"https:\/\/diocese-lgf.ch\/de\/wp-json\/wp\/v2\/media?parent=4964"}],"wp:term":[{"taxonomy":"glossary-cat","embeddable":true,"href":"https:\/\/diocese-lgf.ch\/de\/wp-json\/wp\/v2\/glossary-cat?post=4964"}],"curies":[{"name":"wp","href":"https:\/\/api.w.org\/{rel}","templated":true}]}}

Prière

<div class="pf-content"><p>Acte personnel ou communautaire consistant à s&#8217;adresser à Dieu à une divinité pour rendre grâce, intercéder ou demander pardon.</p>
</div>

<p>Acte personnel ou communautaire consistant à s&#8217;adresser à Dieu à une divinité pour rendre grâce, intercéder ou demander pardon.</p>
