{"id":4801,"date":"2020-07-27T15:07:26","date_gmt":"2020-07-27T13:07:26","guid":{"rendered":"https:\/\/diocese-lgf.emblematik.dev\/?post_type=glossary&#038;p=4801"},"modified":"2020-07-27T15:07:26","modified_gmt":"2020-07-27T13:07:26","slug":"diocese","status":"publish","type":"glossary","link":"https:\/\/diocese-lgf.ch\/de\/glossary\/diocese\/","title":{"rendered":"Dioc\u00e8se"},"content":{"rendered":"<div class=\"pf-content\"><p>Portion du peuple chr\u00e9tien confi\u00e9e \u00e0 un \u00e9v\u00eaque. Par extension, le territoire correspondant. En Suisse, il y a <a href=\"http:\/\/www.eveques.ch\/nous\/suisse\/dioceses\" target=\"_blank\" rel=\"noopener noreferrer\">6 dioc\u00e8ses<\/a> : 1. Lausanne, Gen\u00e8ve et Fribourg 2. B\u00e2le 3. Sion 4. Lugano 5. St-Gall 6. Coire<\/p>\n<\/div>","protected":false},"excerpt":{"rendered":"<p>Portion du peuple chr\u00e9tien confi\u00e9e \u00e0 un \u00e9v\u00eaque. Par extension, le territoire correspondant. En Suisse, il y a 6 dioc\u00e8ses : 1. Lausanne, Gen\u00e8ve et Fribourg 2. B\u00e2le 3. Sion [&hellip;]<\/p>\n","protected":false},"author":7,"featured_media":0,"parent":0,"template":"","glossary-cat":[72],"class_list":["post-4801","glossary","type-glossary","status-publish","hentry","glossary-cat-d"],"acf":[],"_links":{"self":[{"href":"https:\/\/diocese-lgf.ch\/de\/wp-json\/wp\/v2\/glossary\/4801","targetHints":{"allow":["GET"]}}],"collection":[{"href":"https:\/\/diocese-lgf.ch\/de\/wp-json\/wp\/v2\/glossary"}],"about":[{"href":"https:\/\/diocese-lgf.ch\/de\/wp-json\/wp\/v2\/types\/glossary"}],"author":[{"embeddable":true,"href":"https:\/\/diocese-lgf.ch\/de\/wp-json\/wp\/v2\/users\/7"}],"version-history":[{"count":1,"href":"https:\/\/diocese-lgf.ch\/de\/wp-json\/wp\/v2\/glossary\/4801\/revisions"}],"predecessor-version":[{"id":4802,"href":"https:\/\/diocese-lgf.ch\/de\/wp-json\/wp\/v2\/glossary\/4801\/revisions\/4802"}],"wp:attachment":[{"href":"https:\/\/diocese-lgf.ch\/de\/wp-json\/wp\/v2\/media?parent=4801"}],"wp:term":[{"taxonomy":"glossary-cat","embeddable":true,"href":"https:\/\/diocese-lgf.ch\/de\/wp-json\/wp\/v2\/glossary-cat?post=4801"}],"curies":[{"name":"wp","href":"https:\/\/api.w.org\/{rel}","templated":true}]}}

Diocèse

<div class="pf-content"><p>Portion du peuple chrétien confiée à un évêque. Par extension, le territoire correspondant. En Suisse, il y a <a href="http://www.eveques.ch/nous/suisse/dioceses" target="_blank" rel="noopener noreferrer">6 diocèses</a> : 1. Lausanne, Genève et Fribourg 2. Bâle 3. Sion 4. Lugano 5. St-Gall 6. Coire</p>
</div>

<p>Portion du peuple chrétien confiée à un évêque. Par extension, le territoire correspondant. En Suisse, il y a 6 diocèses : 1. Lausanne, Genève et Fribourg 2. Bâle 3. Sion [&hellip;]</p>
