{"id":4793,"date":"2020-07-27T14:24:03","date_gmt":"2020-07-27T12:24:03","guid":{"rendered":"https:\/\/diocese-lgf.emblematik.dev\/?post_type=glossary&#038;p=4793"},"modified":"2020-07-27T14:24:03","modified_gmt":"2020-07-27T12:24:03","slug":"curie-romaine","status":"publish","type":"glossary","link":"https:\/\/diocese-lgf.ch\/de\/glossary\/curie-romaine\/","title":{"rendered":"Curie romaine"},"content":{"rendered":"<div class=\"pf-content\"><p>Ensemble de services (congr\u00e9gations, conseils, etc.) charg\u00e9s d&#8217;assister le pape dans le gouvernement de l&#8217;\u00c9glise universelle. La Curie a \u00e9t\u00e9 r\u00e9organis\u00e9e par Paul VI apr\u00e8s Vatican II, puis par Jean-Paul II. La diversit\u00e9 des collaborateurs, choisis dans le monde entier, facilite la compr\u00e9hension des questions qui se posent.<\/p>\n<\/div>","protected":false},"excerpt":{"rendered":"<p>Ensemble de services (congr\u00e9gations, conseils, etc.) charg\u00e9s d&#8217;assister le pape dans le gouvernement de l&#8217;\u00c9glise universelle. La Curie a \u00e9t\u00e9 r\u00e9organis\u00e9e par Paul VI apr\u00e8s Vatican II, puis par Jean-Paul [&hellip;]<\/p>\n","protected":false},"author":7,"featured_media":0,"parent":0,"template":"","glossary-cat":[71],"class_list":["post-4793","glossary","type-glossary","status-publish","hentry","glossary-cat-c"],"acf":[],"_links":{"self":[{"href":"https:\/\/diocese-lgf.ch\/de\/wp-json\/wp\/v2\/glossary\/4793","targetHints":{"allow":["GET"]}}],"collection":[{"href":"https:\/\/diocese-lgf.ch\/de\/wp-json\/wp\/v2\/glossary"}],"about":[{"href":"https:\/\/diocese-lgf.ch\/de\/wp-json\/wp\/v2\/types\/glossary"}],"author":[{"embeddable":true,"href":"https:\/\/diocese-lgf.ch\/de\/wp-json\/wp\/v2\/users\/7"}],"version-history":[{"count":1,"href":"https:\/\/diocese-lgf.ch\/de\/wp-json\/wp\/v2\/glossary\/4793\/revisions"}],"predecessor-version":[{"id":4794,"href":"https:\/\/diocese-lgf.ch\/de\/wp-json\/wp\/v2\/glossary\/4793\/revisions\/4794"}],"wp:attachment":[{"href":"https:\/\/diocese-lgf.ch\/de\/wp-json\/wp\/v2\/media?parent=4793"}],"wp:term":[{"taxonomy":"glossary-cat","embeddable":true,"href":"https:\/\/diocese-lgf.ch\/de\/wp-json\/wp\/v2\/glossary-cat?post=4793"}],"curies":[{"name":"wp","href":"https:\/\/api.w.org\/{rel}","templated":true}]}}

<div class="pf-content"><p>Ensemble de services (congrégations, conseils, etc.) chargés d&#8217;assister le pape dans le gouvernement de l&#8217;Église universelle. La Curie a été réorganisée par Paul VI après Vatican II, puis par Jean-Paul II. La diversité des collaborateurs, choisis dans le monde entier, facilite la compréhension des questions qui se posent.</p>
</div>

<p>Ensemble de services (congrégations, conseils, etc.) chargés d&#8217;assister le pape dans le gouvernement de l&#8217;Église universelle. La Curie a été réorganisée par Paul VI après Vatican II, puis par Jean-Paul [&hellip;]</p>
