{"id":4773,"date":"2020-07-27T14:17:36","date_gmt":"2020-07-27T12:17:36","guid":{"rendered":"https:\/\/diocese-lgf.emblematik.dev\/?post_type=glossary&#038;p=4773"},"modified":"2020-07-27T14:17:36","modified_gmt":"2020-07-27T12:17:36","slug":"conseil-pontifical","status":"publish","type":"glossary","link":"https:\/\/diocese-lgf.ch\/de\/glossary\/conseil-pontifical\/","title":{"rendered":"Conseil pontifical"},"content":{"rendered":"<div class=\"pf-content\"><p>Dicast\u00e8re de la Curie romaine promouvant la pastorale dans une mati\u00e8re d\u00e9termin\u00e9e. Ex. : le Conseil Pontifical pour la Promotion de l&#8217;Unit\u00e9 des Chr\u00e9tiens.<\/p>\n<\/div>","protected":false},"excerpt":{"rendered":"<p>Dicast\u00e8re de la Curie romaine promouvant la pastorale dans une mati\u00e8re d\u00e9termin\u00e9e. Ex. : le Conseil Pontifical pour la Promotion de l&#8217;Unit\u00e9 des Chr\u00e9tiens.<\/p>\n","protected":false},"author":7,"featured_media":0,"parent":0,"template":"","glossary-cat":[71],"class_list":["post-4773","glossary","type-glossary","status-publish","hentry","glossary-cat-c"],"acf":[],"_links":{"self":[{"href":"https:\/\/diocese-lgf.ch\/de\/wp-json\/wp\/v2\/glossary\/4773","targetHints":{"allow":["GET"]}}],"collection":[{"href":"https:\/\/diocese-lgf.ch\/de\/wp-json\/wp\/v2\/glossary"}],"about":[{"href":"https:\/\/diocese-lgf.ch\/de\/wp-json\/wp\/v2\/types\/glossary"}],"author":[{"embeddable":true,"href":"https:\/\/diocese-lgf.ch\/de\/wp-json\/wp\/v2\/users\/7"}],"version-history":[{"count":1,"href":"https:\/\/diocese-lgf.ch\/de\/wp-json\/wp\/v2\/glossary\/4773\/revisions"}],"predecessor-version":[{"id":4774,"href":"https:\/\/diocese-lgf.ch\/de\/wp-json\/wp\/v2\/glossary\/4773\/revisions\/4774"}],"wp:attachment":[{"href":"https:\/\/diocese-lgf.ch\/de\/wp-json\/wp\/v2\/media?parent=4773"}],"wp:term":[{"taxonomy":"glossary-cat","embeddable":true,"href":"https:\/\/diocese-lgf.ch\/de\/wp-json\/wp\/v2\/glossary-cat?post=4773"}],"curies":[{"name":"wp","href":"https:\/\/api.w.org\/{rel}","templated":true}]}}

<div class="pf-content"><p>Dicastère de la Curie romaine promouvant la pastorale dans une matière déterminée. Ex. : le Conseil Pontifical pour la Promotion de l&#8217;Unité des Chrétiens.</p>
</div>

<p>Dicastère de la Curie romaine promouvant la pastorale dans une matière déterminée. Ex. : le Conseil Pontifical pour la Promotion de l&#8217;Unité des Chrétiens.</p>
