{"id":4755,"date":"2020-07-27T14:09:42","date_gmt":"2020-07-27T12:09:42","guid":{"rendered":"https:\/\/diocese-lgf.emblematik.dev\/?post_type=glossary&#038;p=4755"},"modified":"2020-07-27T14:09:42","modified_gmt":"2020-07-27T12:09:42","slug":"concile-vatican-ii","status":"publish","type":"glossary","link":"https:\/\/diocese-lgf.ch\/de\/glossary\/concile-vatican-ii\/","title":{"rendered":"Concile Vatican II"},"content":{"rendered":"<div class=\"pf-content\"><p><a href=\"http:\/\/www.vatican.va\/archive\/hist_councils\/ii_vatican_council\/index_fr.htm\" target=\"_blank\" rel=\"noopener noreferrer\">Concile<\/a> convoqu\u00e9 par le pape Jean XXIII, qui s&#8217;est tenu au Vatican de 1962-1965, dans le but de proc\u00e9der \u00e0 l&#8216;<em>aggiornamento<\/em> de l&#8217;Eglise catholique romaine.<\/p>\n<\/div>","protected":false},"excerpt":{"rendered":"<p>Concile convoqu\u00e9 par le pape Jean XXIII, qui s&#8217;est tenu au Vatican de 1962-1965, dans le but de proc\u00e9der \u00e0 l&#8216;aggiornamento de l&#8217;Eglise catholique romaine.<\/p>\n","protected":false},"author":7,"featured_media":0,"parent":0,"template":"","glossary-cat":[71],"class_list":["post-4755","glossary","type-glossary","status-publish","hentry","glossary-cat-c"],"acf":[],"_links":{"self":[{"href":"https:\/\/diocese-lgf.ch\/de\/wp-json\/wp\/v2\/glossary\/4755","targetHints":{"allow":["GET"]}}],"collection":[{"href":"https:\/\/diocese-lgf.ch\/de\/wp-json\/wp\/v2\/glossary"}],"about":[{"href":"https:\/\/diocese-lgf.ch\/de\/wp-json\/wp\/v2\/types\/glossary"}],"author":[{"embeddable":true,"href":"https:\/\/diocese-lgf.ch\/de\/wp-json\/wp\/v2\/users\/7"}],"version-history":[{"count":1,"href":"https:\/\/diocese-lgf.ch\/de\/wp-json\/wp\/v2\/glossary\/4755\/revisions"}],"predecessor-version":[{"id":4756,"href":"https:\/\/diocese-lgf.ch\/de\/wp-json\/wp\/v2\/glossary\/4755\/revisions\/4756"}],"wp:attachment":[{"href":"https:\/\/diocese-lgf.ch\/de\/wp-json\/wp\/v2\/media?parent=4755"}],"wp:term":[{"taxonomy":"glossary-cat","embeddable":true,"href":"https:\/\/diocese-lgf.ch\/de\/wp-json\/wp\/v2\/glossary-cat?post=4755"}],"curies":[{"name":"wp","href":"https:\/\/api.w.org\/{rel}","templated":true}]}}

<div class="pf-content"><p><a href="http://www.vatican.va/archive/hist_councils/ii_vatican_council/index_fr.htm" target="_blank" rel="noopener noreferrer">Concile</a> convoqué par le pape Jean XXIII, qui s&#8217;est tenu au Vatican de 1962-1965, dans le but de procéder à l&#8216;<em>aggiornamento</em> de l&#8217;Eglise catholique romaine.</p>
</div>

<p>Concile convoqué par le pape Jean XXIII, qui s&#8217;est tenu au Vatican de 1962-1965, dans le but de procéder à l&#8216;aggiornamento de l&#8217;Eglise catholique romaine.</p>
