{"id":4717,"date":"2020-07-27T13:49:31","date_gmt":"2020-07-27T11:49:31","guid":{"rendered":"https:\/\/diocese-lgf.emblematik.dev\/?post_type=glossary&#038;p=4717"},"modified":"2020-07-27T13:49:31","modified_gmt":"2020-07-27T11:49:31","slug":"cathedrale","status":"publish","type":"glossary","link":"https:\/\/diocese-lgf.ch\/de\/glossary\/cathedrale\/","title":{"rendered":"Cath\u00e9drale"},"content":{"rendered":"<div class=\"pf-content\"><p>Du latin <em>cathedra<\/em> : si\u00e8ge, chaire \u00e9piscopale. La cath\u00e9drale est l&#8217;\u00e9glise o\u00f9 se trouve la \u00abcath\u00e8dre\u00bb de l&#8217;\u00e9v\u00eaque. La cath\u00e9drale n&#8217;est pas forc\u00e9ment une \u00e9glise de grande taille. En Suisse romande, les cath\u00e9drales de Lausanne et Gen\u00e8ve sont affect\u00e9es au culte r\u00e9form\u00e9.<\/p>\n<\/div>","protected":false},"excerpt":{"rendered":"<p>Du latin cathedra : si\u00e8ge, chaire \u00e9piscopale. La cath\u00e9drale est l&#8217;\u00e9glise o\u00f9 se trouve la \u00abcath\u00e8dre\u00bb de l&#8217;\u00e9v\u00eaque. La cath\u00e9drale n&#8217;est pas forc\u00e9ment une \u00e9glise de grande taille. En Suisse [&hellip;]<\/p>\n","protected":false},"author":7,"featured_media":0,"parent":0,"template":"","glossary-cat":[71],"class_list":["post-4717","glossary","type-glossary","status-publish","hentry","glossary-cat-c"],"acf":[],"_links":{"self":[{"href":"https:\/\/diocese-lgf.ch\/de\/wp-json\/wp\/v2\/glossary\/4717","targetHints":{"allow":["GET"]}}],"collection":[{"href":"https:\/\/diocese-lgf.ch\/de\/wp-json\/wp\/v2\/glossary"}],"about":[{"href":"https:\/\/diocese-lgf.ch\/de\/wp-json\/wp\/v2\/types\/glossary"}],"author":[{"embeddable":true,"href":"https:\/\/diocese-lgf.ch\/de\/wp-json\/wp\/v2\/users\/7"}],"version-history":[{"count":1,"href":"https:\/\/diocese-lgf.ch\/de\/wp-json\/wp\/v2\/glossary\/4717\/revisions"}],"predecessor-version":[{"id":4718,"href":"https:\/\/diocese-lgf.ch\/de\/wp-json\/wp\/v2\/glossary\/4717\/revisions\/4718"}],"wp:attachment":[{"href":"https:\/\/diocese-lgf.ch\/de\/wp-json\/wp\/v2\/media?parent=4717"}],"wp:term":[{"taxonomy":"glossary-cat","embeddable":true,"href":"https:\/\/diocese-lgf.ch\/de\/wp-json\/wp\/v2\/glossary-cat?post=4717"}],"curies":[{"name":"wp","href":"https:\/\/api.w.org\/{rel}","templated":true}]}}

Cathédrale

<div class="pf-content"><p>Du latin <em>cathedra</em> : siège, chaire épiscopale. La cathédrale est l&#8217;église où se trouve la «cathèdre» de l&#8217;évêque. La cathédrale n&#8217;est pas forcément une église de grande taille. En Suisse romande, les cathédrales de Lausanne et Genève sont affectées au culte réformé.</p>
</div>

<p>Du latin cathedra : siège, chaire épiscopale. La cathédrale est l&#8217;église où se trouve la «cathèdre» de l&#8217;évêque. La cathédrale n&#8217;est pas forcément une église de grande taille. En Suisse [&hellip;]</p>
