{"id":4659,"date":"2020-07-24T15:03:18","date_gmt":"2020-07-24T13:03:18","guid":{"rendered":"https:\/\/diocese-lgf.emblematik.dev\/?post_type=glossary&#038;p=4659"},"modified":"2020-07-24T15:03:18","modified_gmt":"2020-07-24T13:03:18","slug":"avent","status":"publish","type":"glossary","link":"https:\/\/diocese-lgf.ch\/de\/glossary\/avent\/","title":{"rendered":"Avent"},"content":{"rendered":"<div class=\"pf-content\"><p>Temps liturgique pr\u00e9c\u00e9dant No\u00ebl, comprenant 4 semaines. L&#8217;Avent marque le d\u00e9but de l&#8217;ann\u00e9e liturgique. Sont connus: les couronnes de l&#8217;Avent, les calendriers de l&#8217;Avent.<\/p>\n<\/div>","protected":false},"excerpt":{"rendered":"<p>Temps liturgique pr\u00e9c\u00e9dant No\u00ebl, comprenant 4 semaines. L&#8217;Avent marque le d\u00e9but de l&#8217;ann\u00e9e liturgique. Sont connus: les couronnes de l&#8217;Avent, les calendriers de l&#8217;Avent.<\/p>\n","protected":false},"author":7,"featured_media":0,"parent":0,"template":"","glossary-cat":[68],"class_list":["post-4659","glossary","type-glossary","status-publish","hentry","glossary-cat-a"],"acf":[],"_links":{"self":[{"href":"https:\/\/diocese-lgf.ch\/de\/wp-json\/wp\/v2\/glossary\/4659","targetHints":{"allow":["GET"]}}],"collection":[{"href":"https:\/\/diocese-lgf.ch\/de\/wp-json\/wp\/v2\/glossary"}],"about":[{"href":"https:\/\/diocese-lgf.ch\/de\/wp-json\/wp\/v2\/types\/glossary"}],"author":[{"embeddable":true,"href":"https:\/\/diocese-lgf.ch\/de\/wp-json\/wp\/v2\/users\/7"}],"version-history":[{"count":1,"href":"https:\/\/diocese-lgf.ch\/de\/wp-json\/wp\/v2\/glossary\/4659\/revisions"}],"predecessor-version":[{"id":4660,"href":"https:\/\/diocese-lgf.ch\/de\/wp-json\/wp\/v2\/glossary\/4659\/revisions\/4660"}],"wp:attachment":[{"href":"https:\/\/diocese-lgf.ch\/de\/wp-json\/wp\/v2\/media?parent=4659"}],"wp:term":[{"taxonomy":"glossary-cat","embeddable":true,"href":"https:\/\/diocese-lgf.ch\/de\/wp-json\/wp\/v2\/glossary-cat?post=4659"}],"curies":[{"name":"wp","href":"https:\/\/api.w.org\/{rel}","templated":true}]}}

<div class="pf-content"><p>Temps liturgique précédant Noël, comprenant 4 semaines. L&#8217;Avent marque le début de l&#8217;année liturgique. Sont connus: les couronnes de l&#8217;Avent, les calendriers de l&#8217;Avent.</p>
</div>

<p>Temps liturgique précédant Noël, comprenant 4 semaines. L&#8217;Avent marque le début de l&#8217;année liturgique. Sont connus: les couronnes de l&#8217;Avent, les calendriers de l&#8217;Avent.</p>
